{"id":5,"date":"2022-10-19T19:12:19","date_gmt":"2022-10-19T22:12:19","guid":{"rendered":"https:\/\/educacaointegral.org.br\/especiais\/seminario-educacao-integral-em-debate-2022\/?post_type=participantes&#038;p=5"},"modified":"2022-10-20T18:10:35","modified_gmt":"2022-10-20T21:10:35","slug":"bel-santos-mayer","status":"publish","type":"participantes","link":"https:\/\/educacaointegral.org.br\/especiais\/seminario-educacao-integral-em-debate-2022\/participantes\/bel-santos-mayer\/","title":{"rendered":"Bel Santos Mayer"},"content":{"rendered":"\n<p>Bel Santos Mayer \u00e9 educadora social, mestra pelo Programa de P\u00f3s-Gradua\u00e7\u00e3o em Turismo (EACH\/USP), pesquisando a contribui\u00e7\u00e3o das bibliotecas comunit\u00e1rias para o estudo das mobilidades. Coordenadora do Instituto Brasileiro de Estudos e Apoio Comunit\u00e1rio \u2013 IBEAC, co-gestora da Rede LiteraSampa, formadora de jovens mediadores de leitura, docente da p\u00f3s-gradua\u00e7\u00e3o Literatura para Crian\u00e7as e Jovens do Instituto Vera Cruz e integrante do Grupo de Pesquisa Direitos Humanos, Democracia e Mem\u00f3ria do Instituto de Estudos Avan\u00e7ados (IEA-USP). Licenciada em Ci\u00eancias\/Matem\u00e1tica e Bacharel em Turismo, tem especializa\u00e7\u00e3o em Pedagogia Social. Pr\u00eamios recebidos: \u201cRetratos da Leitura no Brasil-2018\u201d; \u201cEstado de S\u00e3o Paulo para as Artes-2019\u201d; \u201c67\u00b0 Pr\u00eamio APCA \u2013 Associa\u00e7\u00e3o Paulista de Cr\u00edticos de Artes na categoria Difus\u00e3o de Literatura Brasileira\u201d.<\/p>\n","protected":false},"excerpt":{"rendered":"<p>Bel Santos Mayer \u00e9 educadora social, mestra pelo Programa de P\u00f3s-Gradua\u00e7\u00e3o em Turismo (EACH\/USP), pesquisando a contribui\u00e7\u00e3o das bibliotecas comunit\u00e1rias para o estudo das mobilidades. Coordenadora do Instituto Brasileiro de Estudos e Apoio Comunit\u00e1rio \u2013 IBEAC, co-gestora da Rede LiteraSampa, formadora de jovens mediadores de leitura, docente da p\u00f3s-gradua\u00e7\u00e3o Literatura para Crian\u00e7as e Jovens do [&hellip;]<\/p>\n","protected":false},"featured_media":44,"template":"","yoast_head":"<!-- This site is optimized with the Yoast SEO plugin v19.13 - https:\/\/yoast.com\/wordpress\/plugins\/seo\/ -->\n<title>Bel Santos Mayer - Semin\u00e1rio Educa\u00e7\u00e3o Integral em Debate 2022<\/title>\n<meta name=\"robots\" content=\"index, follow, max-snippet:-1, max-image-preview:large, max-video-preview:-1\" \/>\n<link rel=\"canonical\" href=\"https:\/\/educacaointegral.org.br\/especiais\/seminario-educacao-integral-em-debate-2022\/participantes\/bel-santos-mayer\/\" \/>\n<meta property=\"og:locale\" content=\"pt_BR\" \/>\n<meta property=\"og:type\" content=\"article\" \/>\n<meta property=\"og:title\" content=\"Bel Santos Mayer - Semin\u00e1rio Educa\u00e7\u00e3o Integral em Debate 2022\" \/>\n<meta property=\"og:description\" content=\"Bel Santos Mayer \u00e9 educadora social, mestra pelo Programa de P\u00f3s-Gradua\u00e7\u00e3o em Turismo (EACH\/USP), pesquisando a contribui\u00e7\u00e3o das bibliotecas comunit\u00e1rias para o estudo das mobilidades. Coordenadora do Instituto Brasileiro de Estudos e Apoio Comunit\u00e1rio \u2013 IBEAC, co-gestora da Rede LiteraSampa, formadora de jovens mediadores de leitura, docente da p\u00f3s-gradua\u00e7\u00e3o Literatura para Crian\u00e7as e Jovens do [&hellip;]\" \/>\n<meta property=\"og:url\" content=\"https:\/\/educacaointegral.org.br\/especiais\/seminario-educacao-integral-em-debate-2022\/participantes\/bel-santos-mayer\/\" \/>\n<meta property=\"og:site_name\" content=\"Semin\u00e1rio Educa\u00e7\u00e3o Integral em Debate 2022\" \/>\n<meta property=\"article:modified_time\" content=\"2022-10-20T21:10:35+00:00\" \/>\n<meta property=\"og:image\" content=\"https:\/\/educacaointegral.org.br\/especiais\/seminario-educacao-integral-em-debate-2022\/wp-content\/uploads\/sites\/10\/2022\/10\/bel.png\" \/>\n\t<meta property=\"og:image:width\" content=\"150\" \/>\n\t<meta property=\"og:image:height\" content=\"150\" \/>\n\t<meta property=\"og:image:type\" content=\"image\/png\" \/>\n<meta name=\"twitter:card\" content=\"summary_large_image\" \/>\n<meta name=\"twitter:label1\" content=\"Est. tempo de leitura\" \/>\n\t<meta name=\"twitter:data1\" content=\"1 minuto\" \/>\n<script type=\"application\/ld+json\" class=\"yoast-schema-graph\">{\"@context\":\"https:\/\/schema.org\",\"@graph\":[{\"@type\":\"WebPage\",\"@id\":\"https:\/\/educacaointegral.org.br\/especiais\/seminario-educacao-integral-em-debate-2022\/participantes\/bel-santos-mayer\/\",\"url\":\"https:\/\/educacaointegral.org.br\/especiais\/seminario-educacao-integral-em-debate-2022\/participantes\/bel-santos-mayer\/\",\"name\":\"Bel Santos Mayer - Semin\u00e1rio Educa\u00e7\u00e3o Integral em Debate 2022\",\"isPartOf\":{\"@id\":\"https:\/\/educacaointegral.org.br\/especiais\/seminario-educacao-integral-em-debate-2022\/#website\"},\"datePublished\":\"2022-10-19T22:12:19+00:00\",\"dateModified\":\"2022-10-20T21:10:35+00:00\",\"breadcrumb\":{\"@id\":\"https:\/\/educacaointegral.org.br\/especiais\/seminario-educacao-integral-em-debate-2022\/participantes\/bel-santos-mayer\/#breadcrumb\"},\"inLanguage\":\"pt-BR\",\"potentialAction\":[{\"@type\":\"ReadAction\",\"target\":[\"https:\/\/educacaointegral.org.br\/especiais\/seminario-educacao-integral-em-debate-2022\/participantes\/bel-santos-mayer\/\"]}]},{\"@type\":\"BreadcrumbList\",\"@id\":\"https:\/\/educacaointegral.org.br\/especiais\/seminario-educacao-integral-em-debate-2022\/participantes\/bel-santos-mayer\/#breadcrumb\",\"itemListElement\":[{\"@type\":\"ListItem\",\"position\":1,\"name\":\"In\u00edcio\",\"item\":\"https:\/\/educacaointegral.org.br\/especiais\/seminario-educacao-integral-em-debate-2022\/\"},{\"@type\":\"ListItem\",\"position\":2,\"name\":\"Participantes\",\"item\":\"https:\/\/educacaointegral.org.br\/especiais\/seminario-educacao-integral-em-debate-2022\/participantes\/\"},{\"@type\":\"ListItem\",\"position\":3,\"name\":\"Bel Santos Mayer\"}]},{\"@type\":\"WebSite\",\"@id\":\"https:\/\/educacaointegral.org.br\/especiais\/seminario-educacao-integral-em-debate-2022\/#website\",\"url\":\"https:\/\/educacaointegral.org.br\/especiais\/seminario-educacao-integral-em-debate-2022\/\",\"name\":\"Semin\u00e1rio Educa\u00e7\u00e3o Integral em Debate 2022\",\"description\":\"Semin\u00e1rio Educa\u00e7\u00e3o Integral em Debate 2022\",\"potentialAction\":[{\"@type\":\"SearchAction\",\"target\":{\"@type\":\"EntryPoint\",\"urlTemplate\":\"https:\/\/educacaointegral.org.br\/especiais\/seminario-educacao-integral-em-debate-2022\/?s={search_term_string}\"},\"query-input\":\"required name=search_term_string\"}],\"inLanguage\":\"pt-BR\"}]}<\/script>\n<!-- \/ Yoast SEO plugin. -->","yoast_head_json":{"title":"Bel Santos Mayer - Semin\u00e1rio Educa\u00e7\u00e3o Integral em Debate 2022","robots":{"index":"index","follow":"follow","max-snippet":"max-snippet:-1","max-image-preview":"max-image-preview:large","max-video-preview":"max-video-preview:-1"},"canonical":"https:\/\/educacaointegral.org.br\/especiais\/seminario-educacao-integral-em-debate-2022\/participantes\/bel-santos-mayer\/","og_locale":"pt_BR","og_type":"article","og_title":"Bel Santos Mayer - Semin\u00e1rio Educa\u00e7\u00e3o Integral em Debate 2022","og_description":"Bel Santos Mayer \u00e9 educadora social, mestra pelo Programa de P\u00f3s-Gradua\u00e7\u00e3o em Turismo (EACH\/USP), pesquisando a contribui\u00e7\u00e3o das bibliotecas comunit\u00e1rias para o estudo das mobilidades. Coordenadora do Instituto Brasileiro de Estudos e Apoio Comunit\u00e1rio \u2013 IBEAC, co-gestora da Rede LiteraSampa, formadora de jovens mediadores de leitura, docente da p\u00f3s-gradua\u00e7\u00e3o Literatura para Crian\u00e7as e Jovens do [&hellip;]","og_url":"https:\/\/educacaointegral.org.br\/especiais\/seminario-educacao-integral-em-debate-2022\/participantes\/bel-santos-mayer\/","og_site_name":"Semin\u00e1rio Educa\u00e7\u00e3o Integral em Debate 2022","article_modified_time":"2022-10-20T21:10:35+00:00","og_image":[{"width":150,"height":150,"url":"https:\/\/educacaointegral.org.br\/especiais\/seminario-educacao-integral-em-debate-2022\/wp-content\/uploads\/sites\/10\/2022\/10\/bel.png","type":"image\/png"}],"twitter_card":"summary_large_image","twitter_misc":{"Est. tempo de leitura":"1 minuto"},"schema":{"@context":"https:\/\/schema.org","@graph":[{"@type":"WebPage","@id":"https:\/\/educacaointegral.org.br\/especiais\/seminario-educacao-integral-em-debate-2022\/participantes\/bel-santos-mayer\/","url":"https:\/\/educacaointegral.org.br\/especiais\/seminario-educacao-integral-em-debate-2022\/participantes\/bel-santos-mayer\/","name":"Bel Santos Mayer - Semin\u00e1rio Educa\u00e7\u00e3o Integral em Debate 2022","isPartOf":{"@id":"https:\/\/educacaointegral.org.br\/especiais\/seminario-educacao-integral-em-debate-2022\/#website"},"datePublished":"2022-10-19T22:12:19+00:00","dateModified":"2022-10-20T21:10:35+00:00","breadcrumb":{"@id":"https:\/\/educacaointegral.org.br\/especiais\/seminario-educacao-integral-em-debate-2022\/participantes\/bel-santos-mayer\/#breadcrumb"},"inLanguage":"pt-BR","potentialAction":[{"@type":"ReadAction","target":["https:\/\/educacaointegral.org.br\/especiais\/seminario-educacao-integral-em-debate-2022\/participantes\/bel-santos-mayer\/"]}]},{"@type":"BreadcrumbList","@id":"https:\/\/educacaointegral.org.br\/especiais\/seminario-educacao-integral-em-debate-2022\/participantes\/bel-santos-mayer\/#breadcrumb","itemListElement":[{"@type":"ListItem","position":1,"name":"In\u00edcio","item":"https:\/\/educacaointegral.org.br\/especiais\/seminario-educacao-integral-em-debate-2022\/"},{"@type":"ListItem","position":2,"name":"Participantes","item":"https:\/\/educacaointegral.org.br\/especiais\/seminario-educacao-integral-em-debate-2022\/participantes\/"},{"@type":"ListItem","position":3,"name":"Bel Santos Mayer"}]},{"@type":"WebSite","@id":"https:\/\/educacaointegral.org.br\/especiais\/seminario-educacao-integral-em-debate-2022\/#website","url":"https:\/\/educacaointegral.org.br\/especiais\/seminario-educacao-integral-em-debate-2022\/","name":"Semin\u00e1rio Educa\u00e7\u00e3o Integral em Debate 2022","description":"Semin\u00e1rio Educa\u00e7\u00e3o Integral em Debate 2022","potentialAction":[{"@type":"SearchAction","target":{"@type":"EntryPoint","urlTemplate":"https:\/\/educacaointegral.org.br\/especiais\/seminario-educacao-integral-em-debate-2022\/?s={search_term_string}"},"query-input":"required name=search_term_string"}],"inLanguage":"pt-BR"}]}},"_links":{"self":[{"href":"https:\/\/educacaointegral.org.br\/especiais\/seminario-educacao-integral-em-debate-2022\/wp-json\/wp\/v2\/participantes\/5"}],"collection":[{"href":"https:\/\/educacaointegral.org.br\/especiais\/seminario-educacao-integral-em-debate-2022\/wp-json\/wp\/v2\/participantes"}],"about":[{"href":"https:\/\/educacaointegral.org.br\/especiais\/seminario-educacao-integral-em-debate-2022\/wp-json\/wp\/v2\/types\/participantes"}],"wp:featuredmedia":[{"embeddable":true,"href":"https:\/\/educacaointegral.org.br\/especiais\/seminario-educacao-integral-em-debate-2022\/wp-json\/wp\/v2\/media\/44"}],"wp:attachment":[{"href":"https:\/\/educacaointegral.org.br\/especiais\/seminario-educacao-integral-em-debate-2022\/wp-json\/wp\/v2\/media?parent=5"}],"curies":[{"name":"wp","href":"https:\/\/api.w.org\/{rel}","templated":true}]}}

<p>Bel Santos Mayer é educadora social, mestra pelo Programa de Pós-Graduação em Turismo (EACH/USP), pesquisando a contribuição das bibliotecas comunitárias para o estudo das mobilidades. Coordenadora do Instituto Brasileiro de Estudos e Apoio Comunitário – IBEAC, co-gestora da Rede LiteraSampa, formadora de jovens mediadores de leitura, docente da pós-graduação Literatura para Crianças e Jovens do Instituto Vera Cruz e integrante do Grupo de Pesquisa Direitos Humanos, Democracia e Memória do Instituto de Estudos Avançados (IEA-USP). Licenciada em Ciências/Matemática e Bacharel em Turismo, tem especialização em Pedagogia Social. Prêmios recebidos: “Retratos da Leitura no Brasil-2018”; “Estado de São Paulo para as Artes-2019”; “67° Prêmio APCA – Associação Paulista de Críticos de Artes na categoria Difusão de Literatura Brasileira”.</p>

<p>Bel Santos Mayer é educadora social, mestra pelo Programa de Pós-Graduação em Turismo (EACH/USP), pesquisando a contribuição das bibliotecas comunitárias para o estudo das mobilidades. Coordenadora do Instituto Brasileiro de Estudos e Apoio Comunitário – IBEAC, co-gestora da Rede LiteraSampa, formadora de jovens mediadores de leitura, docente da pós-graduação Literatura para Crianças e Jovens do [&hellip;]</p>

<!-- This site is optimized with the Yoast SEO plugin v19.13 - https://yoast.com/wordpress/plugins/seo/ -->
<title>Bel Santos Mayer - Seminário Educação Integral em Debate 2022</title>
<meta name="robots" content="index, follow, max-snippet:-1, max-image-preview:large, max-video-preview:-1" />
<link rel="canonical" href="https://educacaointegral.org.br/especiais/seminario-educacao-integral-em-debate-2022/participantes/bel-santos-mayer/" />
<meta property="og:locale" content="pt_BR" />
<meta property="og:type" content="article" />
<meta property="og:title" content="Bel Santos Mayer - Seminário Educação Integral em Debate 2022" />
<meta property="og:description" content="Bel Santos Mayer é educadora social, mestra pelo Programa de Pós-Graduação em Turismo (EACH/USP), pesquisando a contribuição das bibliotecas comunitárias para o estudo das mobilidades. Coordenadora do Instituto Brasileiro de Estudos e Apoio Comunitário – IBEAC, co-gestora da Rede LiteraSampa, formadora de jovens mediadores de leitura, docente da pós-graduação Literatura para Crianças e Jovens do [&hellip;]" />
<meta property="og:url" content="https://educacaointegral.org.br/especiais/seminario-educacao-integral-em-debate-2022/participantes/bel-santos-mayer/" />
<meta property="og:site_name" content="Seminário Educação Integral em Debate 2022" />
<meta property="article:modified_time" content="2022-10-20T21:10:35+00:00" />
<meta property="og:image" content="https://educacaointegral.org.br/especiais/seminario-educacao-integral-em-debate-2022/wp-content/uploads/sites/10/2022/10/bel.png" />
	<meta property="og:image:width" content="150" />
	<meta property="og:image:height" content="150" />
	<meta property="og:image:type" content="image/png" />
<meta name="twitter:card" content="summary_large_image" />
<meta name="twitter:label1" content="Est. tempo de leitura" />
	<meta name="twitter:data1" content="1 minuto" />
<script type="application/ld+json" class="yoast-schema-graph">{"@context":"https://schema.org","@graph":[{"@type":"WebPage","@id":"https://educacaointegral.org.br/especiais/seminario-educacao-integral-em-debate-2022/participantes/bel-santos-mayer/","url":"https://educacaointegral.org.br/especiais/seminario-educacao-integral-em-debate-2022/participantes/bel-santos-mayer/","name":"Bel Santos Mayer - Seminário Educação Integral em Debate 2022","isPartOf":{"@id":"https://educacaointegral.org.br/especiais/seminario-educacao-integral-em-debate-2022/#website"},"datePublished":"2022-10-19T22:12:19+00:00","dateModified":"2022-10-20T21:10:35+00:00","breadcrumb":{"@id":"https://educacaointegral.org.br/especiais/seminario-educacao-integral-em-debate-2022/participantes/bel-santos-mayer/#breadcrumb"},"inLanguage":"pt-BR","potentialAction":[{"@type":"ReadAction","target":["https://educacaointegral.org.br/especiais/seminario-educacao-integral-em-debate-2022/participantes/bel-santos-mayer/"]}]},{"@type":"BreadcrumbList","@id":"https://educacaointegral.org.br/especiais/seminario-educacao-integral-em-debate-2022/participantes/bel-santos-mayer/#breadcrumb","itemListElement":[{"@type":"ListItem","position":1,"name":"Início","item":"https://educacaointegral.org.br/especiais/seminario-educacao-integral-em-debate-2022/"},{"@type":"ListItem","position":2,"name":"Participantes","item":"https://educacaointegral.org.br/especiais/seminario-educacao-integral-em-debate-2022/participantes/"},{"@type":"ListItem","position":3,"name":"Bel Santos Mayer"}]},{"@type":"WebSite","@id":"https://educacaointegral.org.br/especiais/seminario-educacao-integral-em-debate-2022/#website","url":"https://educacaointegral.org.br/especiais/seminario-educacao-integral-em-debate-2022/","name":"Seminário Educação Integral em Debate 2022","description":"Seminário Educação Integral em Debate 2022","potentialAction":[{"@type":"SearchAction","target":{"@type":"EntryPoint","urlTemplate":"https://educacaointegral.org.br/especiais/seminario-educacao-integral-em-debate-2022/?s={search_term_string}"},"query-input":"required name=search_term_string"}],"inLanguage":"pt-BR"}]}</script>
<!-- / Yoast SEO plugin. -->

Bel Santos Mayer - Seminário Educação Integral em Debate 2022

Bel Santos Mayer é educadora social, mestra pelo Programa de Pós-Graduação em Turismo (EACH/USP), pesquisando a contribuição das bibliotecas comunitárias para o estudo das mobilidades. Coordenadora do Instituto Brasileiro de Estudos e Apoio Comunitário – IBEAC, co-gestora da Rede LiteraSampa, formadora de jovens mediadores de leitura, docente da pós-graduação Literatura para Crianças e Jovens do [&hellip;]

Seminário Educação Integral em Debate 2022

Início
