{"id":31,"date":"2022-10-20T16:41:58","date_gmt":"2022-10-20T19:41:58","guid":{"rendered":"https:\/\/educacaointegral.org.br\/especiais\/seminario-educacao-integral-em-debate-2022\/?post_type=participantes&#038;p=31"},"modified":"2022-10-25T10:54:11","modified_gmt":"2022-10-25T13:54:11","slug":"pilar-larceda","status":"publish","type":"participantes","link":"https:\/\/educacaointegral.org.br\/especiais\/seminario-educacao-integral-em-debate-2022\/participantes\/pilar-larceda\/","title":{"rendered":"Pilar Larceda"},"content":{"rendered":"\n<p>Graduou-se em Hist\u00f3ria em 1979 (UFMG). Em 2001, especializou-se em Gest\u00e3o de Sistemas Educacionais, na PUC-Minas. De 1976 a 2001, foi professora de hist\u00f3ria da educa\u00e7\u00e3o b\u00e1sica. De 1993 a 1996, foi diretora do Centro de Forma\u00e7\u00e3o dos Profissionais da Educa\u00e7\u00e3o da Prefeitura de Belo Horizonte. De 2002 a 2007, foi Secret\u00e1ria Municipal de Educa\u00e7\u00e3o da Prefeitura de Belo Horizonte. De 2005 a 2007, elegeu-se presidente nacional da Uni\u00e3o Nacional dos Dirigentes Municipais de Educa\u00e7\u00e3o (Undime), onde liderou o movimento nacional em defesa de recursos do Fundeb para a Educa\u00e7\u00e3o Infantil. De 2007 a 2012, foi Secret\u00e1ria de Educa\u00e7\u00e3o B\u00e1sica do Minist\u00e9rio da Educa\u00e7\u00e3o. Atualmente \u00e9 diretora da Funda\u00e7\u00e3o SM Brasil.<\/p>\n","protected":false},"excerpt":{"rendered":"<p>Graduou-se em Hist\u00f3ria em 1979 (UFMG). Em 2001, especializou-se em Gest\u00e3o de Sistemas Educacionais, na PUC-Minas. De 1976 a 2001, foi professora de hist\u00f3ria da educa\u00e7\u00e3o b\u00e1sica. De 1993 a 1996, foi diretora do Centro de Forma\u00e7\u00e3o dos Profissionais da Educa\u00e7\u00e3o da Prefeitura de Belo Horizonte. De 2002 a 2007, foi Secret\u00e1ria Municipal de Educa\u00e7\u00e3o [&hellip;]<\/p>\n","protected":false},"featured_media":53,"template":"","yoast_head":"<!-- This site is optimized with the Yoast SEO plugin v19.13 - https:\/\/yoast.com\/wordpress\/plugins\/seo\/ -->\n<title>Pilar Larceda - Semin\u00e1rio Educa\u00e7\u00e3o Integral em Debate 2022<\/title>\n<meta name=\"robots\" content=\"index, follow, max-snippet:-1, max-image-preview:large, max-video-preview:-1\" \/>\n<link rel=\"canonical\" href=\"https:\/\/educacaointegral.org.br\/especiais\/seminario-educacao-integral-em-debate-2022\/participantes\/pilar-larceda\/\" \/>\n<meta property=\"og:locale\" content=\"pt_BR\" \/>\n<meta property=\"og:type\" content=\"article\" \/>\n<meta property=\"og:title\" content=\"Pilar Larceda - Semin\u00e1rio Educa\u00e7\u00e3o Integral em Debate 2022\" \/>\n<meta property=\"og:description\" content=\"Graduou-se em Hist\u00f3ria em 1979 (UFMG). Em 2001, especializou-se em Gest\u00e3o de Sistemas Educacionais, na PUC-Minas. De 1976 a 2001, foi professora de hist\u00f3ria da educa\u00e7\u00e3o b\u00e1sica. De 1993 a 1996, foi diretora do Centro de Forma\u00e7\u00e3o dos Profissionais da Educa\u00e7\u00e3o da Prefeitura de Belo Horizonte. De 2002 a 2007, foi Secret\u00e1ria Municipal de Educa\u00e7\u00e3o [&hellip;]\" \/>\n<meta property=\"og:url\" content=\"https:\/\/educacaointegral.org.br\/especiais\/seminario-educacao-integral-em-debate-2022\/participantes\/pilar-larceda\/\" \/>\n<meta property=\"og:site_name\" content=\"Semin\u00e1rio Educa\u00e7\u00e3o Integral em Debate 2022\" \/>\n<meta property=\"article:modified_time\" content=\"2022-10-25T13:54:11+00:00\" \/>\n<meta property=\"og:image\" content=\"https:\/\/educacaointegral.org.br\/especiais\/seminario-educacao-integral-em-debate-2022\/wp-content\/uploads\/sites\/10\/2022\/10\/pilar.png\" \/>\n\t<meta property=\"og:image:width\" content=\"150\" \/>\n\t<meta property=\"og:image:height\" content=\"150\" \/>\n\t<meta property=\"og:image:type\" content=\"image\/png\" \/>\n<meta name=\"twitter:card\" content=\"summary_large_image\" \/>\n<meta name=\"twitter:label1\" content=\"Est. tempo de leitura\" \/>\n\t<meta name=\"twitter:data1\" content=\"1 minuto\" \/>\n<script type=\"application\/ld+json\" class=\"yoast-schema-graph\">{\"@context\":\"https:\/\/schema.org\",\"@graph\":[{\"@type\":\"WebPage\",\"@id\":\"https:\/\/educacaointegral.org.br\/especiais\/seminario-educacao-integral-em-debate-2022\/participantes\/pilar-larceda\/\",\"url\":\"https:\/\/educacaointegral.org.br\/especiais\/seminario-educacao-integral-em-debate-2022\/participantes\/pilar-larceda\/\",\"name\":\"Pilar Larceda - Semin\u00e1rio Educa\u00e7\u00e3o Integral em Debate 2022\",\"isPartOf\":{\"@id\":\"https:\/\/educacaointegral.org.br\/especiais\/seminario-educacao-integral-em-debate-2022\/#website\"},\"datePublished\":\"2022-10-20T19:41:58+00:00\",\"dateModified\":\"2022-10-25T13:54:11+00:00\",\"breadcrumb\":{\"@id\":\"https:\/\/educacaointegral.org.br\/especiais\/seminario-educacao-integral-em-debate-2022\/participantes\/pilar-larceda\/#breadcrumb\"},\"inLanguage\":\"pt-BR\",\"potentialAction\":[{\"@type\":\"ReadAction\",\"target\":[\"https:\/\/educacaointegral.org.br\/especiais\/seminario-educacao-integral-em-debate-2022\/participantes\/pilar-larceda\/\"]}]},{\"@type\":\"BreadcrumbList\",\"@id\":\"https:\/\/educacaointegral.org.br\/especiais\/seminario-educacao-integral-em-debate-2022\/participantes\/pilar-larceda\/#breadcrumb\",\"itemListElement\":[{\"@type\":\"ListItem\",\"position\":1,\"name\":\"In\u00edcio\",\"item\":\"https:\/\/educacaointegral.org.br\/especiais\/seminario-educacao-integral-em-debate-2022\/\"},{\"@type\":\"ListItem\",\"position\":2,\"name\":\"Participantes\",\"item\":\"https:\/\/educacaointegral.org.br\/especiais\/seminario-educacao-integral-em-debate-2022\/participantes\/\"},{\"@type\":\"ListItem\",\"position\":3,\"name\":\"Pilar Larceda\"}]},{\"@type\":\"WebSite\",\"@id\":\"https:\/\/educacaointegral.org.br\/especiais\/seminario-educacao-integral-em-debate-2022\/#website\",\"url\":\"https:\/\/educacaointegral.org.br\/especiais\/seminario-educacao-integral-em-debate-2022\/\",\"name\":\"Semin\u00e1rio Educa\u00e7\u00e3o Integral em Debate 2022\",\"description\":\"Semin\u00e1rio Educa\u00e7\u00e3o Integral em Debate 2022\",\"potentialAction\":[{\"@type\":\"SearchAction\",\"target\":{\"@type\":\"EntryPoint\",\"urlTemplate\":\"https:\/\/educacaointegral.org.br\/especiais\/seminario-educacao-integral-em-debate-2022\/?s={search_term_string}\"},\"query-input\":\"required name=search_term_string\"}],\"inLanguage\":\"pt-BR\"}]}<\/script>\n<!-- \/ Yoast SEO plugin. -->","yoast_head_json":{"title":"Pilar Larceda - Semin\u00e1rio Educa\u00e7\u00e3o Integral em Debate 2022","robots":{"index":"index","follow":"follow","max-snippet":"max-snippet:-1","max-image-preview":"max-image-preview:large","max-video-preview":"max-video-preview:-1"},"canonical":"https:\/\/educacaointegral.org.br\/especiais\/seminario-educacao-integral-em-debate-2022\/participantes\/pilar-larceda\/","og_locale":"pt_BR","og_type":"article","og_title":"Pilar Larceda - Semin\u00e1rio Educa\u00e7\u00e3o Integral em Debate 2022","og_description":"Graduou-se em Hist\u00f3ria em 1979 (UFMG). Em 2001, especializou-se em Gest\u00e3o de Sistemas Educacionais, na PUC-Minas. De 1976 a 2001, foi professora de hist\u00f3ria da educa\u00e7\u00e3o b\u00e1sica. De 1993 a 1996, foi diretora do Centro de Forma\u00e7\u00e3o dos Profissionais da Educa\u00e7\u00e3o da Prefeitura de Belo Horizonte. De 2002 a 2007, foi Secret\u00e1ria Municipal de Educa\u00e7\u00e3o [&hellip;]","og_url":"https:\/\/educacaointegral.org.br\/especiais\/seminario-educacao-integral-em-debate-2022\/participantes\/pilar-larceda\/","og_site_name":"Semin\u00e1rio Educa\u00e7\u00e3o Integral em Debate 2022","article_modified_time":"2022-10-25T13:54:11+00:00","og_image":[{"width":150,"height":150,"url":"https:\/\/educacaointegral.org.br\/especiais\/seminario-educacao-integral-em-debate-2022\/wp-content\/uploads\/sites\/10\/2022\/10\/pilar.png","type":"image\/png"}],"twitter_card":"summary_large_image","twitter_misc":{"Est. tempo de leitura":"1 minuto"},"schema":{"@context":"https:\/\/schema.org","@graph":[{"@type":"WebPage","@id":"https:\/\/educacaointegral.org.br\/especiais\/seminario-educacao-integral-em-debate-2022\/participantes\/pilar-larceda\/","url":"https:\/\/educacaointegral.org.br\/especiais\/seminario-educacao-integral-em-debate-2022\/participantes\/pilar-larceda\/","name":"Pilar Larceda - Semin\u00e1rio Educa\u00e7\u00e3o Integral em Debate 2022","isPartOf":{"@id":"https:\/\/educacaointegral.org.br\/especiais\/seminario-educacao-integral-em-debate-2022\/#website"},"datePublished":"2022-10-20T19:41:58+00:00","dateModified":"2022-10-25T13:54:11+00:00","breadcrumb":{"@id":"https:\/\/educacaointegral.org.br\/especiais\/seminario-educacao-integral-em-debate-2022\/participantes\/pilar-larceda\/#breadcrumb"},"inLanguage":"pt-BR","potentialAction":[{"@type":"ReadAction","target":["https:\/\/educacaointegral.org.br\/especiais\/seminario-educacao-integral-em-debate-2022\/participantes\/pilar-larceda\/"]}]},{"@type":"BreadcrumbList","@id":"https:\/\/educacaointegral.org.br\/especiais\/seminario-educacao-integral-em-debate-2022\/participantes\/pilar-larceda\/#breadcrumb","itemListElement":[{"@type":"ListItem","position":1,"name":"In\u00edcio","item":"https:\/\/educacaointegral.org.br\/especiais\/seminario-educacao-integral-em-debate-2022\/"},{"@type":"ListItem","position":2,"name":"Participantes","item":"https:\/\/educacaointegral.org.br\/especiais\/seminario-educacao-integral-em-debate-2022\/participantes\/"},{"@type":"ListItem","position":3,"name":"Pilar Larceda"}]},{"@type":"WebSite","@id":"https:\/\/educacaointegral.org.br\/especiais\/seminario-educacao-integral-em-debate-2022\/#website","url":"https:\/\/educacaointegral.org.br\/especiais\/seminario-educacao-integral-em-debate-2022\/","name":"Semin\u00e1rio Educa\u00e7\u00e3o Integral em Debate 2022","description":"Semin\u00e1rio Educa\u00e7\u00e3o Integral em Debate 2022","potentialAction":[{"@type":"SearchAction","target":{"@type":"EntryPoint","urlTemplate":"https:\/\/educacaointegral.org.br\/especiais\/seminario-educacao-integral-em-debate-2022\/?s={search_term_string}"},"query-input":"required name=search_term_string"}],"inLanguage":"pt-BR"}]}},"_links":{"self":[{"href":"https:\/\/educacaointegral.org.br\/especiais\/seminario-educacao-integral-em-debate-2022\/wp-json\/wp\/v2\/participantes\/31"}],"collection":[{"href":"https:\/\/educacaointegral.org.br\/especiais\/seminario-educacao-integral-em-debate-2022\/wp-json\/wp\/v2\/participantes"}],"about":[{"href":"https:\/\/educacaointegral.org.br\/especiais\/seminario-educacao-integral-em-debate-2022\/wp-json\/wp\/v2\/types\/participantes"}],"wp:featuredmedia":[{"embeddable":true,"href":"https:\/\/educacaointegral.org.br\/especiais\/seminario-educacao-integral-em-debate-2022\/wp-json\/wp\/v2\/media\/53"}],"wp:attachment":[{"href":"https:\/\/educacaointegral.org.br\/especiais\/seminario-educacao-integral-em-debate-2022\/wp-json\/wp\/v2\/media?parent=31"}],"curies":[{"name":"wp","href":"https:\/\/api.w.org\/{rel}","templated":true}]}}

<p>Graduou-se em História em 1979 (UFMG). Em 2001, especializou-se em Gestão de Sistemas Educacionais, na PUC-Minas. De 1976 a 2001, foi professora de história da educação básica. De 1993 a 1996, foi diretora do Centro de Formação dos Profissionais da Educação da Prefeitura de Belo Horizonte. De 2002 a 2007, foi Secretária Municipal de Educação da Prefeitura de Belo Horizonte. De 2005 a 2007, elegeu-se presidente nacional da União Nacional dos Dirigentes Municipais de Educação (Undime), onde liderou o movimento nacional em defesa de recursos do Fundeb para a Educação Infantil. De 2007 a 2012, foi Secretária de Educação Básica do Ministério da Educação. Atualmente é diretora da Fundação SM Brasil.</p>

<p>Graduou-se em História em 1979 (UFMG). Em 2001, especializou-se em Gestão de Sistemas Educacionais, na PUC-Minas. De 1976 a 2001, foi professora de história da educação básica. De 1993 a 1996, foi diretora do Centro de Formação dos Profissionais da Educação da Prefeitura de Belo Horizonte. De 2002 a 2007, foi Secretária Municipal de Educação [&hellip;]</p>

<!-- This site is optimized with the Yoast SEO plugin v19.13 - https://yoast.com/wordpress/plugins/seo/ -->
<title>Pilar Larceda - Seminário Educação Integral em Debate 2022</title>
<meta name="robots" content="index, follow, max-snippet:-1, max-image-preview:large, max-video-preview:-1" />
<link rel="canonical" href="https://educacaointegral.org.br/especiais/seminario-educacao-integral-em-debate-2022/participantes/pilar-larceda/" />
<meta property="og:locale" content="pt_BR" />
<meta property="og:type" content="article" />
<meta property="og:title" content="Pilar Larceda - Seminário Educação Integral em Debate 2022" />
<meta property="og:description" content="Graduou-se em História em 1979 (UFMG). Em 2001, especializou-se em Gestão de Sistemas Educacionais, na PUC-Minas. De 1976 a 2001, foi professora de história da educação básica. De 1993 a 1996, foi diretora do Centro de Formação dos Profissionais da Educação da Prefeitura de Belo Horizonte. De 2002 a 2007, foi Secretária Municipal de Educação [&hellip;]" />
<meta property="og:url" content="https://educacaointegral.org.br/especiais/seminario-educacao-integral-em-debate-2022/participantes/pilar-larceda/" />
<meta property="og:site_name" content="Seminário Educação Integral em Debate 2022" />
<meta property="article:modified_time" content="2022-10-25T13:54:11+00:00" />
<meta property="og:image" content="https://educacaointegral.org.br/especiais/seminario-educacao-integral-em-debate-2022/wp-content/uploads/sites/10/2022/10/pilar.png" />
	<meta property="og:image:width" content="150" />
	<meta property="og:image:height" content="150" />
	<meta property="og:image:type" content="image/png" />
<meta name="twitter:card" content="summary_large_image" />
<meta name="twitter:label1" content="Est. tempo de leitura" />
	<meta name="twitter:data1" content="1 minuto" />
<script type="application/ld+json" class="yoast-schema-graph">{"@context":"https://schema.org","@graph":[{"@type":"WebPage","@id":"https://educacaointegral.org.br/especiais/seminario-educacao-integral-em-debate-2022/participantes/pilar-larceda/","url":"https://educacaointegral.org.br/especiais/seminario-educacao-integral-em-debate-2022/participantes/pilar-larceda/","name":"Pilar Larceda - Seminário Educação Integral em Debate 2022","isPartOf":{"@id":"https://educacaointegral.org.br/especiais/seminario-educacao-integral-em-debate-2022/#website"},"datePublished":"2022-10-20T19:41:58+00:00","dateModified":"2022-10-25T13:54:11+00:00","breadcrumb":{"@id":"https://educacaointegral.org.br/especiais/seminario-educacao-integral-em-debate-2022/participantes/pilar-larceda/#breadcrumb"},"inLanguage":"pt-BR","potentialAction":[{"@type":"ReadAction","target":["https://educacaointegral.org.br/especiais/seminario-educacao-integral-em-debate-2022/participantes/pilar-larceda/"]}]},{"@type":"BreadcrumbList","@id":"https://educacaointegral.org.br/especiais/seminario-educacao-integral-em-debate-2022/participantes/pilar-larceda/#breadcrumb","itemListElement":[{"@type":"ListItem","position":1,"name":"Início","item":"https://educacaointegral.org.br/especiais/seminario-educacao-integral-em-debate-2022/"},{"@type":"ListItem","position":2,"name":"Participantes","item":"https://educacaointegral.org.br/especiais/seminario-educacao-integral-em-debate-2022/participantes/"},{"@type":"ListItem","position":3,"name":"Pilar Larceda"}]},{"@type":"WebSite","@id":"https://educacaointegral.org.br/especiais/seminario-educacao-integral-em-debate-2022/#website","url":"https://educacaointegral.org.br/especiais/seminario-educacao-integral-em-debate-2022/","name":"Seminário Educação Integral em Debate 2022","description":"Seminário Educação Integral em Debate 2022","potentialAction":[{"@type":"SearchAction","target":{"@type":"EntryPoint","urlTemplate":"https://educacaointegral.org.br/especiais/seminario-educacao-integral-em-debate-2022/?s={search_term_string}"},"query-input":"required name=search_term_string"}],"inLanguage":"pt-BR"}]}</script>
<!-- / Yoast SEO plugin. -->

Pilar Larceda - Seminário Educação Integral em Debate 2022

Graduou-se em História em 1979 (UFMG). Em 2001, especializou-se em Gestão de Sistemas Educacionais, na PUC-Minas. De 1976 a 2001, foi professora de história da educação básica. De 1993 a 1996, foi diretora do Centro de Formação dos Profissionais da Educação da Prefeitura de Belo Horizonte. De 2002 a 2007, foi Secretária Municipal de Educação [&hellip;]

Seminário Educação Integral em Debate 2022

Início
