{"id":12,"date":"2022-10-19T19:17:29","date_gmt":"2022-10-19T22:17:29","guid":{"rendered":"https:\/\/educacaointegral.org.br\/especiais\/seminario-educacao-integral-em-debate-2022\/?post_type=participantes&#038;p=12"},"modified":"2022-10-20T18:12:07","modified_gmt":"2022-10-20T21:12:07","slug":"tereza-perez","status":"publish","type":"participantes","link":"https:\/\/educacaointegral.org.br\/especiais\/seminario-educacao-integral-em-debate-2022\/participantes\/tereza-perez\/","title":{"rendered":"Tereza Perez"},"content":{"rendered":"\n<p>Diretora-presidente da Comunidade Educativa CEDAC, lidera diversas iniciativas voltadas para a melhoria das condi\u00e7\u00f5es de ensino e de aprendizagem nas redes p\u00fablicas brasileiras. Nesses 25 anos de atua\u00e7\u00e3o da CE CEDAC, Tereza esteve \u00e0 frente de projetos e programas de forma\u00e7\u00e3o continuada que envolveram aproximadamente milhares de educadores em mais de 900 munic\u00edpios.<\/p>\n","protected":false},"excerpt":{"rendered":"<p>Diretora-presidente da Comunidade Educativa CEDAC, lidera diversas iniciativas voltadas para a melhoria das condi\u00e7\u00f5es de ensino e de aprendizagem nas redes p\u00fablicas brasileiras. Nesses 25 anos de atua\u00e7\u00e3o da CE CEDAC, Tereza esteve \u00e0 frente de projetos e programas de forma\u00e7\u00e3o continuada que envolveram aproximadamente milhares de educadores em mais de 900 munic\u00edpios.<\/p>\n","protected":false},"featured_media":46,"template":"","yoast_head":"<!-- This site is optimized with the Yoast SEO plugin v19.13 - https:\/\/yoast.com\/wordpress\/plugins\/seo\/ -->\n<title>Tereza Perez - Semin\u00e1rio Educa\u00e7\u00e3o Integral em Debate 2022<\/title>\n<meta name=\"robots\" content=\"index, follow, max-snippet:-1, max-image-preview:large, max-video-preview:-1\" \/>\n<link rel=\"canonical\" href=\"https:\/\/educacaointegral.org.br\/especiais\/seminario-educacao-integral-em-debate-2022\/participantes\/tereza-perez\/\" \/>\n<meta property=\"og:locale\" content=\"pt_BR\" \/>\n<meta property=\"og:type\" content=\"article\" \/>\n<meta property=\"og:title\" content=\"Tereza Perez - Semin\u00e1rio Educa\u00e7\u00e3o Integral em Debate 2022\" \/>\n<meta property=\"og:description\" content=\"Diretora-presidente da Comunidade Educativa CEDAC, lidera diversas iniciativas voltadas para a melhoria das condi\u00e7\u00f5es de ensino e de aprendizagem nas redes p\u00fablicas brasileiras. Nesses 25 anos de atua\u00e7\u00e3o da CE CEDAC, Tereza esteve \u00e0 frente de projetos e programas de forma\u00e7\u00e3o continuada que envolveram aproximadamente milhares de educadores em mais de 900 munic\u00edpios.\" \/>\n<meta property=\"og:url\" content=\"https:\/\/educacaointegral.org.br\/especiais\/seminario-educacao-integral-em-debate-2022\/participantes\/tereza-perez\/\" \/>\n<meta property=\"og:site_name\" content=\"Semin\u00e1rio Educa\u00e7\u00e3o Integral em Debate 2022\" \/>\n<meta property=\"article:modified_time\" content=\"2022-10-20T21:12:07+00:00\" \/>\n<meta property=\"og:image\" content=\"https:\/\/educacaointegral.org.br\/especiais\/seminario-educacao-integral-em-debate-2022\/wp-content\/uploads\/sites\/10\/2022\/10\/tereza.png\" \/>\n\t<meta property=\"og:image:width\" content=\"150\" \/>\n\t<meta property=\"og:image:height\" content=\"150\" \/>\n\t<meta property=\"og:image:type\" content=\"image\/png\" \/>\n<meta name=\"twitter:card\" content=\"summary_large_image\" \/>\n<meta name=\"twitter:label1\" content=\"Est. tempo de leitura\" \/>\n\t<meta name=\"twitter:data1\" content=\"1 minuto\" \/>\n<script type=\"application\/ld+json\" class=\"yoast-schema-graph\">{\"@context\":\"https:\/\/schema.org\",\"@graph\":[{\"@type\":\"WebPage\",\"@id\":\"https:\/\/educacaointegral.org.br\/especiais\/seminario-educacao-integral-em-debate-2022\/participantes\/tereza-perez\/\",\"url\":\"https:\/\/educacaointegral.org.br\/especiais\/seminario-educacao-integral-em-debate-2022\/participantes\/tereza-perez\/\",\"name\":\"Tereza Perez - Semin\u00e1rio Educa\u00e7\u00e3o Integral em Debate 2022\",\"isPartOf\":{\"@id\":\"https:\/\/educacaointegral.org.br\/especiais\/seminario-educacao-integral-em-debate-2022\/#website\"},\"datePublished\":\"2022-10-19T22:17:29+00:00\",\"dateModified\":\"2022-10-20T21:12:07+00:00\",\"breadcrumb\":{\"@id\":\"https:\/\/educacaointegral.org.br\/especiais\/seminario-educacao-integral-em-debate-2022\/participantes\/tereza-perez\/#breadcrumb\"},\"inLanguage\":\"pt-BR\",\"potentialAction\":[{\"@type\":\"ReadAction\",\"target\":[\"https:\/\/educacaointegral.org.br\/especiais\/seminario-educacao-integral-em-debate-2022\/participantes\/tereza-perez\/\"]}]},{\"@type\":\"BreadcrumbList\",\"@id\":\"https:\/\/educacaointegral.org.br\/especiais\/seminario-educacao-integral-em-debate-2022\/participantes\/tereza-perez\/#breadcrumb\",\"itemListElement\":[{\"@type\":\"ListItem\",\"position\":1,\"name\":\"In\u00edcio\",\"item\":\"https:\/\/educacaointegral.org.br\/especiais\/seminario-educacao-integral-em-debate-2022\/\"},{\"@type\":\"ListItem\",\"position\":2,\"name\":\"Participantes\",\"item\":\"https:\/\/educacaointegral.org.br\/especiais\/seminario-educacao-integral-em-debate-2022\/participantes\/\"},{\"@type\":\"ListItem\",\"position\":3,\"name\":\"Tereza Perez\"}]},{\"@type\":\"WebSite\",\"@id\":\"https:\/\/educacaointegral.org.br\/especiais\/seminario-educacao-integral-em-debate-2022\/#website\",\"url\":\"https:\/\/educacaointegral.org.br\/especiais\/seminario-educacao-integral-em-debate-2022\/\",\"name\":\"Semin\u00e1rio Educa\u00e7\u00e3o Integral em Debate 2022\",\"description\":\"Semin\u00e1rio Educa\u00e7\u00e3o Integral em Debate 2022\",\"potentialAction\":[{\"@type\":\"SearchAction\",\"target\":{\"@type\":\"EntryPoint\",\"urlTemplate\":\"https:\/\/educacaointegral.org.br\/especiais\/seminario-educacao-integral-em-debate-2022\/?s={search_term_string}\"},\"query-input\":\"required name=search_term_string\"}],\"inLanguage\":\"pt-BR\"}]}<\/script>\n<!-- \/ Yoast SEO plugin. -->","yoast_head_json":{"title":"Tereza Perez - Semin\u00e1rio Educa\u00e7\u00e3o Integral em Debate 2022","robots":{"index":"index","follow":"follow","max-snippet":"max-snippet:-1","max-image-preview":"max-image-preview:large","max-video-preview":"max-video-preview:-1"},"canonical":"https:\/\/educacaointegral.org.br\/especiais\/seminario-educacao-integral-em-debate-2022\/participantes\/tereza-perez\/","og_locale":"pt_BR","og_type":"article","og_title":"Tereza Perez - Semin\u00e1rio Educa\u00e7\u00e3o Integral em Debate 2022","og_description":"Diretora-presidente da Comunidade Educativa CEDAC, lidera diversas iniciativas voltadas para a melhoria das condi\u00e7\u00f5es de ensino e de aprendizagem nas redes p\u00fablicas brasileiras. Nesses 25 anos de atua\u00e7\u00e3o da CE CEDAC, Tereza esteve \u00e0 frente de projetos e programas de forma\u00e7\u00e3o continuada que envolveram aproximadamente milhares de educadores em mais de 900 munic\u00edpios.","og_url":"https:\/\/educacaointegral.org.br\/especiais\/seminario-educacao-integral-em-debate-2022\/participantes\/tereza-perez\/","og_site_name":"Semin\u00e1rio Educa\u00e7\u00e3o Integral em Debate 2022","article_modified_time":"2022-10-20T21:12:07+00:00","og_image":[{"width":150,"height":150,"url":"https:\/\/educacaointegral.org.br\/especiais\/seminario-educacao-integral-em-debate-2022\/wp-content\/uploads\/sites\/10\/2022\/10\/tereza.png","type":"image\/png"}],"twitter_card":"summary_large_image","twitter_misc":{"Est. tempo de leitura":"1 minuto"},"schema":{"@context":"https:\/\/schema.org","@graph":[{"@type":"WebPage","@id":"https:\/\/educacaointegral.org.br\/especiais\/seminario-educacao-integral-em-debate-2022\/participantes\/tereza-perez\/","url":"https:\/\/educacaointegral.org.br\/especiais\/seminario-educacao-integral-em-debate-2022\/participantes\/tereza-perez\/","name":"Tereza Perez - Semin\u00e1rio Educa\u00e7\u00e3o Integral em Debate 2022","isPartOf":{"@id":"https:\/\/educacaointegral.org.br\/especiais\/seminario-educacao-integral-em-debate-2022\/#website"},"datePublished":"2022-10-19T22:17:29+00:00","dateModified":"2022-10-20T21:12:07+00:00","breadcrumb":{"@id":"https:\/\/educacaointegral.org.br\/especiais\/seminario-educacao-integral-em-debate-2022\/participantes\/tereza-perez\/#breadcrumb"},"inLanguage":"pt-BR","potentialAction":[{"@type":"ReadAction","target":["https:\/\/educacaointegral.org.br\/especiais\/seminario-educacao-integral-em-debate-2022\/participantes\/tereza-perez\/"]}]},{"@type":"BreadcrumbList","@id":"https:\/\/educacaointegral.org.br\/especiais\/seminario-educacao-integral-em-debate-2022\/participantes\/tereza-perez\/#breadcrumb","itemListElement":[{"@type":"ListItem","position":1,"name":"In\u00edcio","item":"https:\/\/educacaointegral.org.br\/especiais\/seminario-educacao-integral-em-debate-2022\/"},{"@type":"ListItem","position":2,"name":"Participantes","item":"https:\/\/educacaointegral.org.br\/especiais\/seminario-educacao-integral-em-debate-2022\/participantes\/"},{"@type":"ListItem","position":3,"name":"Tereza Perez"}]},{"@type":"WebSite","@id":"https:\/\/educacaointegral.org.br\/especiais\/seminario-educacao-integral-em-debate-2022\/#website","url":"https:\/\/educacaointegral.org.br\/especiais\/seminario-educacao-integral-em-debate-2022\/","name":"Semin\u00e1rio Educa\u00e7\u00e3o Integral em Debate 2022","description":"Semin\u00e1rio Educa\u00e7\u00e3o Integral em Debate 2022","potentialAction":[{"@type":"SearchAction","target":{"@type":"EntryPoint","urlTemplate":"https:\/\/educacaointegral.org.br\/especiais\/seminario-educacao-integral-em-debate-2022\/?s={search_term_string}"},"query-input":"required name=search_term_string"}],"inLanguage":"pt-BR"}]}},"_links":{"self":[{"href":"https:\/\/educacaointegral.org.br\/especiais\/seminario-educacao-integral-em-debate-2022\/wp-json\/wp\/v2\/participantes\/12"}],"collection":[{"href":"https:\/\/educacaointegral.org.br\/especiais\/seminario-educacao-integral-em-debate-2022\/wp-json\/wp\/v2\/participantes"}],"about":[{"href":"https:\/\/educacaointegral.org.br\/especiais\/seminario-educacao-integral-em-debate-2022\/wp-json\/wp\/v2\/types\/participantes"}],"wp:featuredmedia":[{"embeddable":true,"href":"https:\/\/educacaointegral.org.br\/especiais\/seminario-educacao-integral-em-debate-2022\/wp-json\/wp\/v2\/media\/46"}],"wp:attachment":[{"href":"https:\/\/educacaointegral.org.br\/especiais\/seminario-educacao-integral-em-debate-2022\/wp-json\/wp\/v2\/media?parent=12"}],"curies":[{"name":"wp","href":"https:\/\/api.w.org\/{rel}","templated":true}]}}

<p>Diretora-presidente da Comunidade Educativa CEDAC, lidera diversas iniciativas voltadas para a melhoria das condições de ensino e de aprendizagem nas redes públicas brasileiras. Nesses 25 anos de atuação da CE CEDAC, Tereza esteve à frente de projetos e programas de formação continuada que envolveram aproximadamente milhares de educadores em mais de 900 municípios.</p>

<!-- This site is optimized with the Yoast SEO plugin v19.13 - https://yoast.com/wordpress/plugins/seo/ -->
<title>Tereza Perez - Seminário Educação Integral em Debate 2022</title>
<meta name="robots" content="index, follow, max-snippet:-1, max-image-preview:large, max-video-preview:-1" />
<link rel="canonical" href="https://educacaointegral.org.br/especiais/seminario-educacao-integral-em-debate-2022/participantes/tereza-perez/" />
<meta property="og:locale" content="pt_BR" />
<meta property="og:type" content="article" />
<meta property="og:title" content="Tereza Perez - Seminário Educação Integral em Debate 2022" />
<meta property="og:description" content="Diretora-presidente da Comunidade Educativa CEDAC, lidera diversas iniciativas voltadas para a melhoria das condições de ensino e de aprendizagem nas redes públicas brasileiras. Nesses 25 anos de atuação da CE CEDAC, Tereza esteve à frente de projetos e programas de formação continuada que envolveram aproximadamente milhares de educadores em mais de 900 municípios." />
<meta property="og:url" content="https://educacaointegral.org.br/especiais/seminario-educacao-integral-em-debate-2022/participantes/tereza-perez/" />
<meta property="og:site_name" content="Seminário Educação Integral em Debate 2022" />
<meta property="article:modified_time" content="2022-10-20T21:12:07+00:00" />
<meta property="og:image" content="https://educacaointegral.org.br/especiais/seminario-educacao-integral-em-debate-2022/wp-content/uploads/sites/10/2022/10/tereza.png" />
	<meta property="og:image:width" content="150" />
	<meta property="og:image:height" content="150" />
	<meta property="og:image:type" content="image/png" />
<meta name="twitter:card" content="summary_large_image" />
<meta name="twitter:label1" content="Est. tempo de leitura" />
	<meta name="twitter:data1" content="1 minuto" />
<script type="application/ld+json" class="yoast-schema-graph">{"@context":"https://schema.org","@graph":[{"@type":"WebPage","@id":"https://educacaointegral.org.br/especiais/seminario-educacao-integral-em-debate-2022/participantes/tereza-perez/","url":"https://educacaointegral.org.br/especiais/seminario-educacao-integral-em-debate-2022/participantes/tereza-perez/","name":"Tereza Perez - Seminário Educação Integral em Debate 2022","isPartOf":{"@id":"https://educacaointegral.org.br/especiais/seminario-educacao-integral-em-debate-2022/#website"},"datePublished":"2022-10-19T22:17:29+00:00","dateModified":"2022-10-20T21:12:07+00:00","breadcrumb":{"@id":"https://educacaointegral.org.br/especiais/seminario-educacao-integral-em-debate-2022/participantes/tereza-perez/#breadcrumb"},"inLanguage":"pt-BR","potentialAction":[{"@type":"ReadAction","target":["https://educacaointegral.org.br/especiais/seminario-educacao-integral-em-debate-2022/participantes/tereza-perez/"]}]},{"@type":"BreadcrumbList","@id":"https://educacaointegral.org.br/especiais/seminario-educacao-integral-em-debate-2022/participantes/tereza-perez/#breadcrumb","itemListElement":[{"@type":"ListItem","position":1,"name":"Início","item":"https://educacaointegral.org.br/especiais/seminario-educacao-integral-em-debate-2022/"},{"@type":"ListItem","position":2,"name":"Participantes","item":"https://educacaointegral.org.br/especiais/seminario-educacao-integral-em-debate-2022/participantes/"},{"@type":"ListItem","position":3,"name":"Tereza Perez"}]},{"@type":"WebSite","@id":"https://educacaointegral.org.br/especiais/seminario-educacao-integral-em-debate-2022/#website","url":"https://educacaointegral.org.br/especiais/seminario-educacao-integral-em-debate-2022/","name":"Seminário Educação Integral em Debate 2022","description":"Seminário Educação Integral em Debate 2022","potentialAction":[{"@type":"SearchAction","target":{"@type":"EntryPoint","urlTemplate":"https://educacaointegral.org.br/especiais/seminario-educacao-integral-em-debate-2022/?s={search_term_string}"},"query-input":"required name=search_term_string"}],"inLanguage":"pt-BR"}]}</script>
<!-- / Yoast SEO plugin. -->

Tereza Perez - Seminário Educação Integral em Debate 2022

Diretora-presidente da Comunidade Educativa CEDAC, lidera diversas iniciativas voltadas para a melhoria das condições de ensino e de aprendizagem nas redes públicas brasileiras. Nesses 25 anos de atuação da CE CEDAC, Tereza esteve à frente de projetos e programas de formação continuada que envolveram aproximadamente milhares de educadores em mais de 900 municípios.

Seminário Educação Integral em Debate 2022

Início
