{"id":104,"date":"2022-07-08T17:56:50","date_gmt":"2022-07-08T20:56:50","guid":{"rendered":"https:\/\/educacaointegral.org.br\/especiais\/rotas-e-redes-literarias-santa-rita\/?page_id=104"},"modified":"2022-07-08T17:57:11","modified_gmt":"2022-07-08T20:57:11","slug":"premissas-4","status":"publish","type":"page","link":"https:\/\/educacaointegral.org.br\/especiais\/rotas-e-redes-literarias-santa-rita\/estrategias\/praticas-de-leitura\/premissas-4\/","title":{"rendered":"Premissas"},"content":{"rendered":"\n<div class=\"wp-block-create-block-titulo-pontilhado\"><h2 class=\"titulo-pontilhado\">Favorecer o interesse pessoal pelos livros<\/h2><img src=\"https:\/\/educacaointegral.org.br\/especiais\/rotas-e-redes-literarias-santa-rita\/wp-content\/plugins\/rrl-santa-rita\/build\/images\/pontilhado-amarelo.ec7fd80e.png\" \/><\/div>\n\n\n\n<p>Para evitar que os estudantes sintam a literatura como algo long\u00ednquo ou inacess\u00edvel, \u00e9 necess\u00e1rio investigar a autoimagem que eles t\u00eam de si enquanto leitores e como as obras que eles leem os afetam. Ensinar a dar respostas objetivas \u00e9 insuficiente, \u00e9 preciso fazer com que os alunos se sintam pertencentes ao universo dos livros.<\/p>\n","protected":false},"excerpt":{"rendered":"<p>Para evitar que os estudantes sintam a literatura como algo long\u00ednquo ou inacess\u00edvel, \u00e9 necess\u00e1rio investigar a autoimagem que eles t\u00eam de si enquanto leitores e como as obras que eles leem os afetam. Ensinar a dar respostas objetivas \u00e9 insuficiente, \u00e9 preciso fazer com que os alunos se sintam pertencentes ao universo dos livros.<\/p>\n","protected":false},"author":5,"featured_media":56,"parent":43,"menu_order":0,"comment_status":"closed","ping_status":"closed","template":"","meta":[],"yoast_head":"<!-- This site is optimized with the Yoast SEO plugin v19.13 - https:\/\/yoast.com\/wordpress\/plugins\/seo\/ -->\n<title>Premissas - Rotas e Redes Liter\u00e1rias Santa Rita<\/title>\n<meta name=\"robots\" content=\"index, follow, max-snippet:-1, max-image-preview:large, max-video-preview:-1\" \/>\n<link rel=\"canonical\" href=\"https:\/\/educacaointegral.org.br\/especiais\/rotas-e-redes-literarias-santa-rita\/estrategias\/praticas-de-leitura\/premissas-4\/\" \/>\n<meta property=\"og:locale\" content=\"pt_BR\" \/>\n<meta property=\"og:type\" content=\"article\" \/>\n<meta property=\"og:title\" content=\"Premissas - Rotas e Redes Liter\u00e1rias Santa Rita\" \/>\n<meta property=\"og:description\" content=\"Para evitar que os estudantes sintam a literatura como algo long\u00ednquo ou inacess\u00edvel, \u00e9 necess\u00e1rio investigar a autoimagem que eles t\u00eam de si enquanto leitores e como as obras que eles leem os afetam. Ensinar a dar respostas objetivas \u00e9 insuficiente, \u00e9 preciso fazer com que os alunos se sintam pertencentes ao universo dos livros.\" \/>\n<meta property=\"og:url\" content=\"https:\/\/educacaointegral.org.br\/especiais\/rotas-e-redes-literarias-santa-rita\/estrategias\/praticas-de-leitura\/premissas-4\/\" \/>\n<meta property=\"og:site_name\" content=\"Rotas e Redes Liter\u00e1rias Santa Rita\" \/>\n<meta property=\"article:modified_time\" content=\"2022-07-08T20:57:11+00:00\" \/>\n<meta property=\"og:image\" content=\"https:\/\/educacaointegral.org.br\/especiais\/rotas-e-redes-literarias-santa-rita\/wp-content\/uploads\/sites\/8\/2022\/06\/img-acervo.png\" \/>\n\t<meta property=\"og:image:width\" content=\"535\" \/>\n\t<meta property=\"og:image:height\" content=\"269\" \/>\n\t<meta property=\"og:image:type\" content=\"image\/png\" \/>\n<meta name=\"twitter:card\" content=\"summary_large_image\" \/>\n<script type=\"application\/ld+json\" class=\"yoast-schema-graph\">{\"@context\":\"https:\/\/schema.org\",\"@graph\":[{\"@type\":\"WebPage\",\"@id\":\"https:\/\/educacaointegral.org.br\/especiais\/rotas-e-redes-literarias-santa-rita\/estrategias\/praticas-de-leitura\/premissas-4\/\",\"url\":\"https:\/\/educacaointegral.org.br\/especiais\/rotas-e-redes-literarias-santa-rita\/estrategias\/praticas-de-leitura\/premissas-4\/\",\"name\":\"Premissas - Rotas e Redes Liter\u00e1rias Santa Rita\",\"isPartOf\":{\"@id\":\"https:\/\/educacaointegral.org.br\/especiais\/rotas-e-redes-literarias-santa-rita\/#website\"},\"datePublished\":\"2022-07-08T20:56:50+00:00\",\"dateModified\":\"2022-07-08T20:57:11+00:00\",\"breadcrumb\":{\"@id\":\"https:\/\/educacaointegral.org.br\/especiais\/rotas-e-redes-literarias-santa-rita\/estrategias\/praticas-de-leitura\/premissas-4\/#breadcrumb\"},\"inLanguage\":\"pt-BR\",\"potentialAction\":[{\"@type\":\"ReadAction\",\"target\":[\"https:\/\/educacaointegral.org.br\/especiais\/rotas-e-redes-literarias-santa-rita\/estrategias\/praticas-de-leitura\/premissas-4\/\"]}]},{\"@type\":\"BreadcrumbList\",\"@id\":\"https:\/\/educacaointegral.org.br\/especiais\/rotas-e-redes-literarias-santa-rita\/estrategias\/praticas-de-leitura\/premissas-4\/#breadcrumb\",\"itemListElement\":[{\"@type\":\"ListItem\",\"position\":1,\"name\":\"In\u00edcio\",\"item\":\"https:\/\/educacaointegral.org.br\/especiais\/rotas-e-redes-literarias-santa-rita\/\"},{\"@type\":\"ListItem\",\"position\":2,\"name\":\"Estrat\u00e9gias\",\"item\":\"https:\/\/educacaointegral.org.br\/especiais\/rotas-e-redes-literarias-santa-rita\/estrategias\/\"},{\"@type\":\"ListItem\",\"position\":3,\"name\":\"Pr\u00e1ticas de leitura\",\"item\":\"https:\/\/educacaointegral.org.br\/especiais\/rotas-e-redes-literarias-santa-rita\/estrategias\/praticas-de-leitura\/\"},{\"@type\":\"ListItem\",\"position\":4,\"name\":\"Premissas\"}]},{\"@type\":\"WebSite\",\"@id\":\"https:\/\/educacaointegral.org.br\/especiais\/rotas-e-redes-literarias-santa-rita\/#website\",\"url\":\"https:\/\/educacaointegral.org.br\/especiais\/rotas-e-redes-literarias-santa-rita\/\",\"name\":\"Rotas e Redes Liter\u00e1rias Santa Rita\",\"description\":\"S\u00f3 mais um site Centro de Refer\u00eancias em Educa\u00e7\u00e3o Integral | Especiais sites\",\"potentialAction\":[{\"@type\":\"SearchAction\",\"target\":{\"@type\":\"EntryPoint\",\"urlTemplate\":\"https:\/\/educacaointegral.org.br\/especiais\/rotas-e-redes-literarias-santa-rita\/?s={search_term_string}\"},\"query-input\":\"required name=search_term_string\"}],\"inLanguage\":\"pt-BR\"}]}<\/script>\n<!-- \/ Yoast SEO plugin. -->","yoast_head_json":{"title":"Premissas - Rotas e Redes Liter\u00e1rias Santa Rita","robots":{"index":"index","follow":"follow","max-snippet":"max-snippet:-1","max-image-preview":"max-image-preview:large","max-video-preview":"max-video-preview:-1"},"canonical":"https:\/\/educacaointegral.org.br\/especiais\/rotas-e-redes-literarias-santa-rita\/estrategias\/praticas-de-leitura\/premissas-4\/","og_locale":"pt_BR","og_type":"article","og_title":"Premissas - Rotas e Redes Liter\u00e1rias Santa Rita","og_description":"Para evitar que os estudantes sintam a literatura como algo long\u00ednquo ou inacess\u00edvel, \u00e9 necess\u00e1rio investigar a autoimagem que eles t\u00eam de si enquanto leitores e como as obras que eles leem os afetam. Ensinar a dar respostas objetivas \u00e9 insuficiente, \u00e9 preciso fazer com que os alunos se sintam pertencentes ao universo dos livros.","og_url":"https:\/\/educacaointegral.org.br\/especiais\/rotas-e-redes-literarias-santa-rita\/estrategias\/praticas-de-leitura\/premissas-4\/","og_site_name":"Rotas e Redes Liter\u00e1rias Santa Rita","article_modified_time":"2022-07-08T20:57:11+00:00","og_image":[{"width":535,"height":269,"url":"https:\/\/educacaointegral.org.br\/especiais\/rotas-e-redes-literarias-santa-rita\/wp-content\/uploads\/sites\/8\/2022\/06\/img-acervo.png","type":"image\/png"}],"twitter_card":"summary_large_image","schema":{"@context":"https:\/\/schema.org","@graph":[{"@type":"WebPage","@id":"https:\/\/educacaointegral.org.br\/especiais\/rotas-e-redes-literarias-santa-rita\/estrategias\/praticas-de-leitura\/premissas-4\/","url":"https:\/\/educacaointegral.org.br\/especiais\/rotas-e-redes-literarias-santa-rita\/estrategias\/praticas-de-leitura\/premissas-4\/","name":"Premissas - Rotas e Redes Liter\u00e1rias Santa Rita","isPartOf":{"@id":"https:\/\/educacaointegral.org.br\/especiais\/rotas-e-redes-literarias-santa-rita\/#website"},"datePublished":"2022-07-08T20:56:50+00:00","dateModified":"2022-07-08T20:57:11+00:00","breadcrumb":{"@id":"https:\/\/educacaointegral.org.br\/especiais\/rotas-e-redes-literarias-santa-rita\/estrategias\/praticas-de-leitura\/premissas-4\/#breadcrumb"},"inLanguage":"pt-BR","potentialAction":[{"@type":"ReadAction","target":["https:\/\/educacaointegral.org.br\/especiais\/rotas-e-redes-literarias-santa-rita\/estrategias\/praticas-de-leitura\/premissas-4\/"]}]},{"@type":"BreadcrumbList","@id":"https:\/\/educacaointegral.org.br\/especiais\/rotas-e-redes-literarias-santa-rita\/estrategias\/praticas-de-leitura\/premissas-4\/#breadcrumb","itemListElement":[{"@type":"ListItem","position":1,"name":"In\u00edcio","item":"https:\/\/educacaointegral.org.br\/especiais\/rotas-e-redes-literarias-santa-rita\/"},{"@type":"ListItem","position":2,"name":"Estrat\u00e9gias","item":"https:\/\/educacaointegral.org.br\/especiais\/rotas-e-redes-literarias-santa-rita\/estrategias\/"},{"@type":"ListItem","position":3,"name":"Pr\u00e1ticas de leitura","item":"https:\/\/educacaointegral.org.br\/especiais\/rotas-e-redes-literarias-santa-rita\/estrategias\/praticas-de-leitura\/"},{"@type":"ListItem","position":4,"name":"Premissas"}]},{"@type":"WebSite","@id":"https:\/\/educacaointegral.org.br\/especiais\/rotas-e-redes-literarias-santa-rita\/#website","url":"https:\/\/educacaointegral.org.br\/especiais\/rotas-e-redes-literarias-santa-rita\/","name":"Rotas e Redes Liter\u00e1rias Santa Rita","description":"S\u00f3 mais um site Centro de Refer\u00eancias em Educa\u00e7\u00e3o Integral | Especiais sites","potentialAction":[{"@type":"SearchAction","target":{"@type":"EntryPoint","urlTemplate":"https:\/\/educacaointegral.org.br\/especiais\/rotas-e-redes-literarias-santa-rita\/?s={search_term_string}"},"query-input":"required name=search_term_string"}],"inLanguage":"pt-BR"}]}},"_links":{"self":[{"href":"https:\/\/educacaointegral.org.br\/especiais\/rotas-e-redes-literarias-santa-rita\/wp-json\/wp\/v2\/pages\/104"}],"collection":[{"href":"https:\/\/educacaointegral.org.br\/especiais\/rotas-e-redes-literarias-santa-rita\/wp-json\/wp\/v2\/pages"}],"about":[{"href":"https:\/\/educacaointegral.org.br\/especiais\/rotas-e-redes-literarias-santa-rita\/wp-json\/wp\/v2\/types\/page"}],"author":[{"embeddable":true,"href":"https:\/\/educacaointegral.org.br\/especiais\/rotas-e-redes-literarias-santa-rita\/wp-json\/wp\/v2\/users\/5"}],"replies":[{"embeddable":true,"href":"https:\/\/educacaointegral.org.br\/especiais\/rotas-e-redes-literarias-santa-rita\/wp-json\/wp\/v2\/comments?post=104"}],"version-history":[{"count":1,"href":"https:\/\/educacaointegral.org.br\/especiais\/rotas-e-redes-literarias-santa-rita\/wp-json\/wp\/v2\/pages\/104\/revisions"}],"predecessor-version":[{"id":105,"href":"https:\/\/educacaointegral.org.br\/especiais\/rotas-e-redes-literarias-santa-rita\/wp-json\/wp\/v2\/pages\/104\/revisions\/105"}],"up":[{"embeddable":true,"href":"https:\/\/educacaointegral.org.br\/especiais\/rotas-e-redes-literarias-santa-rita\/wp-json\/wp\/v2\/pages\/43"}],"wp:featuredmedia":[{"embeddable":true,"href":"https:\/\/educacaointegral.org.br\/especiais\/rotas-e-redes-literarias-santa-rita\/wp-json\/wp\/v2\/media\/56"}],"wp:attachment":[{"href":"https:\/\/educacaointegral.org.br\/especiais\/rotas-e-redes-literarias-santa-rita\/wp-json\/wp\/v2\/media?parent=104"}],"curies":[{"name":"wp","href":"https:\/\/api.w.org\/{rel}","templated":true}]}}

<div class="wp-block-create-block-titulo-pontilhado"><h2 class="titulo-pontilhado">Favorecer o interesse pessoal pelos livros</h2><img src="https://educacaointegral.org.br/especiais/rotas-e-redes-literarias-santa-rita/wp-content/plugins/rrl-santa-rita/build/images/pontilhado-amarelo.ec7fd80e.png" /></div>



<p>Para evitar que os estudantes sintam a literatura como algo longínquo ou inacessível, é necessário investigar a autoimagem que eles têm de si enquanto leitores e como as obras que eles leem os afetam. Ensinar a dar respostas objetivas é insuficiente, é preciso fazer com que os alunos se sintam pertencentes ao universo dos livros.</p>

<p>Para evitar que os estudantes sintam a literatura como algo longínquo ou inacessível, é necessário investigar a autoimagem que eles têm de si enquanto leitores e como as obras que eles leem os afetam. Ensinar a dar respostas objetivas é insuficiente, é preciso fazer com que os alunos se sintam pertencentes ao universo dos livros.</p>

<!-- This site is optimized with the Yoast SEO plugin v19.13 - https://yoast.com/wordpress/plugins/seo/ -->
<title>Premissas - Rotas e Redes Literárias Santa Rita</title>
<meta name="robots" content="index, follow, max-snippet:-1, max-image-preview:large, max-video-preview:-1" />
<link rel="canonical" href="https://educacaointegral.org.br/especiais/rotas-e-redes-literarias-santa-rita/estrategias/praticas-de-leitura/premissas-4/" />
<meta property="og:locale" content="pt_BR" />
<meta property="og:type" content="article" />
<meta property="og:title" content="Premissas - Rotas e Redes Literárias Santa Rita" />
<meta property="og:description" content="Para evitar que os estudantes sintam a literatura como algo longínquo ou inacessível, é necessário investigar a autoimagem que eles têm de si enquanto leitores e como as obras que eles leem os afetam. Ensinar a dar respostas objetivas é insuficiente, é preciso fazer com que os alunos se sintam pertencentes ao universo dos livros." />
<meta property="og:url" content="https://educacaointegral.org.br/especiais/rotas-e-redes-literarias-santa-rita/estrategias/praticas-de-leitura/premissas-4/" />
<meta property="og:site_name" content="Rotas e Redes Literárias Santa Rita" />
<meta property="article:modified_time" content="2022-07-08T20:57:11+00:00" />
<meta property="og:image" content="https://educacaointegral.org.br/especiais/rotas-e-redes-literarias-santa-rita/wp-content/uploads/sites/8/2022/06/img-acervo.png" />
	<meta property="og:image:width" content="535" />
	<meta property="og:image:height" content="269" />
	<meta property="og:image:type" content="image/png" />
<meta name="twitter:card" content="summary_large_image" />
<script type="application/ld+json" class="yoast-schema-graph">{"@context":"https://schema.org","@graph":[{"@type":"WebPage","@id":"https://educacaointegral.org.br/especiais/rotas-e-redes-literarias-santa-rita/estrategias/praticas-de-leitura/premissas-4/","url":"https://educacaointegral.org.br/especiais/rotas-e-redes-literarias-santa-rita/estrategias/praticas-de-leitura/premissas-4/","name":"Premissas - Rotas e Redes Literárias Santa Rita","isPartOf":{"@id":"https://educacaointegral.org.br/especiais/rotas-e-redes-literarias-santa-rita/#website"},"datePublished":"2022-07-08T20:56:50+00:00","dateModified":"2022-07-08T20:57:11+00:00","breadcrumb":{"@id":"https://educacaointegral.org.br/especiais/rotas-e-redes-literarias-santa-rita/estrategias/praticas-de-leitura/premissas-4/#breadcrumb"},"inLanguage":"pt-BR","potentialAction":[{"@type":"ReadAction","target":["https://educacaointegral.org.br/especiais/rotas-e-redes-literarias-santa-rita/estrategias/praticas-de-leitura/premissas-4/"]}]},{"@type":"BreadcrumbList","@id":"https://educacaointegral.org.br/especiais/rotas-e-redes-literarias-santa-rita/estrategias/praticas-de-leitura/premissas-4/#breadcrumb","itemListElement":[{"@type":"ListItem","position":1,"name":"Início","item":"https://educacaointegral.org.br/especiais/rotas-e-redes-literarias-santa-rita/"},{"@type":"ListItem","position":2,"name":"Estratégias","item":"https://educacaointegral.org.br/especiais/rotas-e-redes-literarias-santa-rita/estrategias/"},{"@type":"ListItem","position":3,"name":"Práticas de leitura","item":"https://educacaointegral.org.br/especiais/rotas-e-redes-literarias-santa-rita/estrategias/praticas-de-leitura/"},{"@type":"ListItem","position":4,"name":"Premissas"}]},{"@type":"WebSite","@id":"https://educacaointegral.org.br/especiais/rotas-e-redes-literarias-santa-rita/#website","url":"https://educacaointegral.org.br/especiais/rotas-e-redes-literarias-santa-rita/","name":"Rotas e Redes Literárias Santa Rita","description":"Só mais um site Centro de Referências em Educação Integral | Especiais sites","potentialAction":[{"@type":"SearchAction","target":{"@type":"EntryPoint","urlTemplate":"https://educacaointegral.org.br/especiais/rotas-e-redes-literarias-santa-rita/?s={search_term_string}"},"query-input":"required name=search_term_string"}],"inLanguage":"pt-BR"}]}</script>
<!-- / Yoast SEO plugin. -->

Premissas - Rotas e Redes Literárias Santa Rita

Para evitar que os estudantes sintam a literatura como algo longínquo ou inacessível, é necessário investigar a autoimagem que eles têm de si enquanto leitores e como as obras que eles leem os afetam. Ensinar a dar respostas objetivas é insuficiente, é preciso fazer com que os alunos se sintam pertencentes ao universo dos livros.

Rotas e Redes Literárias Santa Rita

Início

Estratégias

Práticas de leitura

Só mais um site Centro de Referências em Educação Integral | Especiais sites
