{"id":100,"date":"2022-07-08T17:53:07","date_gmt":"2022-07-08T20:53:07","guid":{"rendered":"https:\/\/educacaointegral.org.br\/especiais\/rotas-e-redes-literarias-santa-rita\/?page_id=100"},"modified":"2022-07-08T17:53:29","modified_gmt":"2022-07-08T20:53:29","slug":"premissas-3","status":"publish","type":"page","link":"https:\/\/educacaointegral.org.br\/especiais\/rotas-e-redes-literarias-santa-rita\/estrategias\/praticas-de-leitura\/premissas-3\/","title":{"rendered":"Premissas"},"content":{"rendered":"\n<div class=\"wp-block-create-block-titulo-pontilhado\"><h2 class=\"titulo-pontilhado\">Estabelecer um prop\u00f3sito leitor<\/h2><img src=\"https:\/\/educacaointegral.org.br\/especiais\/rotas-e-redes-literarias-santa-rita\/wp-content\/plugins\/rrl-santa-rita\/build\/images\/pontilhado-amarelo.ec7fd80e.png\" \/><\/div>\n\n\n\n<p>Toda vez que algu\u00e9m l\u00ea um texto, o faz com um prop\u00f3sito. Pode ser a frui\u00e7\u00e3o liter\u00e1ria, o estudo de um tema ou a localiza\u00e7\u00e3o de uma informa\u00e7\u00e3o espec\u00edfica. Na escola, isso n\u00e3o pode ser diferente. Ler apenas porque o professor solicitou ajuda pouco a desenvolver a compet\u00eancia leitora. A leitura em voz alta, por exemplo, tem sentido em uma situa\u00e7\u00e3o de comunica\u00e7\u00e3o oral na qual algu\u00e9m deseja transmitir o que diz um texto a um receptor que n\u00e3o tem acesso ao texto. O prop\u00f3sito leitor pode ser estabelecido ao realizar a leitura de um texto dentro de um projeto (exemplo: ler f\u00e1bulas para publicar f\u00e1bulas em um blog); ao se colocar uma pergunta antes da leitura; ou quando o professor compartilha com a turma por que motivo v\u00e3o ler um determinado texto.<\/p>\n","protected":false},"excerpt":{"rendered":"<p>Toda vez que algu\u00e9m l\u00ea um texto, o faz com um prop\u00f3sito. Pode ser a frui\u00e7\u00e3o liter\u00e1ria, o estudo de um tema ou a localiza\u00e7\u00e3o de uma informa\u00e7\u00e3o espec\u00edfica. Na escola, isso n\u00e3o pode ser diferente. Ler apenas porque o professor solicitou ajuda pouco a desenvolver a compet\u00eancia leitora. A leitura em voz alta, por [&hellip;]<\/p>\n","protected":false},"author":5,"featured_media":0,"parent":43,"menu_order":0,"comment_status":"closed","ping_status":"closed","template":"","meta":[],"yoast_head":"<!-- This site is optimized with the Yoast SEO plugin v19.13 - https:\/\/yoast.com\/wordpress\/plugins\/seo\/ -->\n<title>Premissas - Rotas e Redes Liter\u00e1rias Santa Rita<\/title>\n<meta name=\"robots\" content=\"index, follow, max-snippet:-1, max-image-preview:large, max-video-preview:-1\" \/>\n<link rel=\"canonical\" href=\"https:\/\/educacaointegral.org.br\/especiais\/rotas-e-redes-literarias-santa-rita\/estrategias\/praticas-de-leitura\/premissas-3\/\" \/>\n<meta property=\"og:locale\" content=\"pt_BR\" \/>\n<meta property=\"og:type\" content=\"article\" \/>\n<meta property=\"og:title\" content=\"Premissas - Rotas e Redes Liter\u00e1rias Santa Rita\" \/>\n<meta property=\"og:description\" content=\"Toda vez que algu\u00e9m l\u00ea um texto, o faz com um prop\u00f3sito. Pode ser a frui\u00e7\u00e3o liter\u00e1ria, o estudo de um tema ou a localiza\u00e7\u00e3o de uma informa\u00e7\u00e3o espec\u00edfica. Na escola, isso n\u00e3o pode ser diferente. Ler apenas porque o professor solicitou ajuda pouco a desenvolver a compet\u00eancia leitora. A leitura em voz alta, por [&hellip;]\" \/>\n<meta property=\"og:url\" content=\"https:\/\/educacaointegral.org.br\/especiais\/rotas-e-redes-literarias-santa-rita\/estrategias\/praticas-de-leitura\/premissas-3\/\" \/>\n<meta property=\"og:site_name\" content=\"Rotas e Redes Liter\u00e1rias Santa Rita\" \/>\n<meta property=\"article:modified_time\" content=\"2022-07-08T20:53:29+00:00\" \/>\n<meta property=\"og:image\" content=\"https:\/\/educacaointegral.org.br\/especiais\/rotas-e-redes-literarias-santa-rita\/wp-content\/plugins\/rrl-santa-rita\/build\/images\/pontilhado-amarelo.ec7fd80e.png\" \/>\n<meta name=\"twitter:card\" content=\"summary_large_image\" \/>\n<meta name=\"twitter:label1\" content=\"Est. tempo de leitura\" \/>\n\t<meta name=\"twitter:data1\" content=\"1 minuto\" \/>\n<script type=\"application\/ld+json\" class=\"yoast-schema-graph\">{\"@context\":\"https:\/\/schema.org\",\"@graph\":[{\"@type\":\"WebPage\",\"@id\":\"https:\/\/educacaointegral.org.br\/especiais\/rotas-e-redes-literarias-santa-rita\/estrategias\/praticas-de-leitura\/premissas-3\/\",\"url\":\"https:\/\/educacaointegral.org.br\/especiais\/rotas-e-redes-literarias-santa-rita\/estrategias\/praticas-de-leitura\/premissas-3\/\",\"name\":\"Premissas - Rotas e Redes Liter\u00e1rias Santa Rita\",\"isPartOf\":{\"@id\":\"https:\/\/educacaointegral.org.br\/especiais\/rotas-e-redes-literarias-santa-rita\/#website\"},\"datePublished\":\"2022-07-08T20:53:07+00:00\",\"dateModified\":\"2022-07-08T20:53:29+00:00\",\"breadcrumb\":{\"@id\":\"https:\/\/educacaointegral.org.br\/especiais\/rotas-e-redes-literarias-santa-rita\/estrategias\/praticas-de-leitura\/premissas-3\/#breadcrumb\"},\"inLanguage\":\"pt-BR\",\"potentialAction\":[{\"@type\":\"ReadAction\",\"target\":[\"https:\/\/educacaointegral.org.br\/especiais\/rotas-e-redes-literarias-santa-rita\/estrategias\/praticas-de-leitura\/premissas-3\/\"]}]},{\"@type\":\"BreadcrumbList\",\"@id\":\"https:\/\/educacaointegral.org.br\/especiais\/rotas-e-redes-literarias-santa-rita\/estrategias\/praticas-de-leitura\/premissas-3\/#breadcrumb\",\"itemListElement\":[{\"@type\":\"ListItem\",\"position\":1,\"name\":\"In\u00edcio\",\"item\":\"https:\/\/educacaointegral.org.br\/especiais\/rotas-e-redes-literarias-santa-rita\/\"},{\"@type\":\"ListItem\",\"position\":2,\"name\":\"Estrat\u00e9gias\",\"item\":\"https:\/\/educacaointegral.org.br\/especiais\/rotas-e-redes-literarias-santa-rita\/estrategias\/\"},{\"@type\":\"ListItem\",\"position\":3,\"name\":\"Pr\u00e1ticas de leitura\",\"item\":\"https:\/\/educacaointegral.org.br\/especiais\/rotas-e-redes-literarias-santa-rita\/estrategias\/praticas-de-leitura\/\"},{\"@type\":\"ListItem\",\"position\":4,\"name\":\"Premissas\"}]},{\"@type\":\"WebSite\",\"@id\":\"https:\/\/educacaointegral.org.br\/especiais\/rotas-e-redes-literarias-santa-rita\/#website\",\"url\":\"https:\/\/educacaointegral.org.br\/especiais\/rotas-e-redes-literarias-santa-rita\/\",\"name\":\"Rotas e Redes Liter\u00e1rias Santa Rita\",\"description\":\"S\u00f3 mais um site Centro de Refer\u00eancias em Educa\u00e7\u00e3o Integral | Especiais sites\",\"potentialAction\":[{\"@type\":\"SearchAction\",\"target\":{\"@type\":\"EntryPoint\",\"urlTemplate\":\"https:\/\/educacaointegral.org.br\/especiais\/rotas-e-redes-literarias-santa-rita\/?s={search_term_string}\"},\"query-input\":\"required name=search_term_string\"}],\"inLanguage\":\"pt-BR\"}]}<\/script>\n<!-- \/ Yoast SEO plugin. -->","yoast_head_json":{"title":"Premissas - Rotas e Redes Liter\u00e1rias Santa Rita","robots":{"index":"index","follow":"follow","max-snippet":"max-snippet:-1","max-image-preview":"max-image-preview:large","max-video-preview":"max-video-preview:-1"},"canonical":"https:\/\/educacaointegral.org.br\/especiais\/rotas-e-redes-literarias-santa-rita\/estrategias\/praticas-de-leitura\/premissas-3\/","og_locale":"pt_BR","og_type":"article","og_title":"Premissas - Rotas e Redes Liter\u00e1rias Santa Rita","og_description":"Toda vez que algu\u00e9m l\u00ea um texto, o faz com um prop\u00f3sito. Pode ser a frui\u00e7\u00e3o liter\u00e1ria, o estudo de um tema ou a localiza\u00e7\u00e3o de uma informa\u00e7\u00e3o espec\u00edfica. Na escola, isso n\u00e3o pode ser diferente. Ler apenas porque o professor solicitou ajuda pouco a desenvolver a compet\u00eancia leitora. A leitura em voz alta, por [&hellip;]","og_url":"https:\/\/educacaointegral.org.br\/especiais\/rotas-e-redes-literarias-santa-rita\/estrategias\/praticas-de-leitura\/premissas-3\/","og_site_name":"Rotas e Redes Liter\u00e1rias Santa Rita","article_modified_time":"2022-07-08T20:53:29+00:00","og_image":[{"url":"https:\/\/educacaointegral.org.br\/especiais\/rotas-e-redes-literarias-santa-rita\/wp-content\/plugins\/rrl-santa-rita\/build\/images\/pontilhado-amarelo.ec7fd80e.png"}],"twitter_card":"summary_large_image","twitter_misc":{"Est. tempo de leitura":"1 minuto"},"schema":{"@context":"https:\/\/schema.org","@graph":[{"@type":"WebPage","@id":"https:\/\/educacaointegral.org.br\/especiais\/rotas-e-redes-literarias-santa-rita\/estrategias\/praticas-de-leitura\/premissas-3\/","url":"https:\/\/educacaointegral.org.br\/especiais\/rotas-e-redes-literarias-santa-rita\/estrategias\/praticas-de-leitura\/premissas-3\/","name":"Premissas - Rotas e Redes Liter\u00e1rias Santa Rita","isPartOf":{"@id":"https:\/\/educacaointegral.org.br\/especiais\/rotas-e-redes-literarias-santa-rita\/#website"},"datePublished":"2022-07-08T20:53:07+00:00","dateModified":"2022-07-08T20:53:29+00:00","breadcrumb":{"@id":"https:\/\/educacaointegral.org.br\/especiais\/rotas-e-redes-literarias-santa-rita\/estrategias\/praticas-de-leitura\/premissas-3\/#breadcrumb"},"inLanguage":"pt-BR","potentialAction":[{"@type":"ReadAction","target":["https:\/\/educacaointegral.org.br\/especiais\/rotas-e-redes-literarias-santa-rita\/estrategias\/praticas-de-leitura\/premissas-3\/"]}]},{"@type":"BreadcrumbList","@id":"https:\/\/educacaointegral.org.br\/especiais\/rotas-e-redes-literarias-santa-rita\/estrategias\/praticas-de-leitura\/premissas-3\/#breadcrumb","itemListElement":[{"@type":"ListItem","position":1,"name":"In\u00edcio","item":"https:\/\/educacaointegral.org.br\/especiais\/rotas-e-redes-literarias-santa-rita\/"},{"@type":"ListItem","position":2,"name":"Estrat\u00e9gias","item":"https:\/\/educacaointegral.org.br\/especiais\/rotas-e-redes-literarias-santa-rita\/estrategias\/"},{"@type":"ListItem","position":3,"name":"Pr\u00e1ticas de leitura","item":"https:\/\/educacaointegral.org.br\/especiais\/rotas-e-redes-literarias-santa-rita\/estrategias\/praticas-de-leitura\/"},{"@type":"ListItem","position":4,"name":"Premissas"}]},{"@type":"WebSite","@id":"https:\/\/educacaointegral.org.br\/especiais\/rotas-e-redes-literarias-santa-rita\/#website","url":"https:\/\/educacaointegral.org.br\/especiais\/rotas-e-redes-literarias-santa-rita\/","name":"Rotas e Redes Liter\u00e1rias Santa Rita","description":"S\u00f3 mais um site Centro de Refer\u00eancias em Educa\u00e7\u00e3o Integral | Especiais sites","potentialAction":[{"@type":"SearchAction","target":{"@type":"EntryPoint","urlTemplate":"https:\/\/educacaointegral.org.br\/especiais\/rotas-e-redes-literarias-santa-rita\/?s={search_term_string}"},"query-input":"required name=search_term_string"}],"inLanguage":"pt-BR"}]}},"_links":{"self":[{"href":"https:\/\/educacaointegral.org.br\/especiais\/rotas-e-redes-literarias-santa-rita\/wp-json\/wp\/v2\/pages\/100"}],"collection":[{"href":"https:\/\/educacaointegral.org.br\/especiais\/rotas-e-redes-literarias-santa-rita\/wp-json\/wp\/v2\/pages"}],"about":[{"href":"https:\/\/educacaointegral.org.br\/especiais\/rotas-e-redes-literarias-santa-rita\/wp-json\/wp\/v2\/types\/page"}],"author":[{"embeddable":true,"href":"https:\/\/educacaointegral.org.br\/especiais\/rotas-e-redes-literarias-santa-rita\/wp-json\/wp\/v2\/users\/5"}],"replies":[{"embeddable":true,"href":"https:\/\/educacaointegral.org.br\/especiais\/rotas-e-redes-literarias-santa-rita\/wp-json\/wp\/v2\/comments?post=100"}],"version-history":[{"count":1,"href":"https:\/\/educacaointegral.org.br\/especiais\/rotas-e-redes-literarias-santa-rita\/wp-json\/wp\/v2\/pages\/100\/revisions"}],"predecessor-version":[{"id":101,"href":"https:\/\/educacaointegral.org.br\/especiais\/rotas-e-redes-literarias-santa-rita\/wp-json\/wp\/v2\/pages\/100\/revisions\/101"}],"up":[{"embeddable":true,"href":"https:\/\/educacaointegral.org.br\/especiais\/rotas-e-redes-literarias-santa-rita\/wp-json\/wp\/v2\/pages\/43"}],"wp:attachment":[{"href":"https:\/\/educacaointegral.org.br\/especiais\/rotas-e-redes-literarias-santa-rita\/wp-json\/wp\/v2\/media?parent=100"}],"curies":[{"name":"wp","href":"https:\/\/api.w.org\/{rel}","templated":true}]}}

<div class="wp-block-create-block-titulo-pontilhado"><h2 class="titulo-pontilhado">Estabelecer um propósito leitor</h2><img src="https://educacaointegral.org.br/especiais/rotas-e-redes-literarias-santa-rita/wp-content/plugins/rrl-santa-rita/build/images/pontilhado-amarelo.ec7fd80e.png" /></div>



<p>Toda vez que alguém lê um texto, o faz com um propósito. Pode ser a fruição literária, o estudo de um tema ou a localização de uma informação específica. Na escola, isso não pode ser diferente. Ler apenas porque o professor solicitou ajuda pouco a desenvolver a competência leitora. A leitura em voz alta, por exemplo, tem sentido em uma situação de comunicação oral na qual alguém deseja transmitir o que diz um texto a um receptor que não tem acesso ao texto. O propósito leitor pode ser estabelecido ao realizar a leitura de um texto dentro de um projeto (exemplo: ler fábulas para publicar fábulas em um blog); ao se colocar uma pergunta antes da leitura; ou quando o professor compartilha com a turma por que motivo vão ler um determinado texto.</p>

<p>Toda vez que alguém lê um texto, o faz com um propósito. Pode ser a fruição literária, o estudo de um tema ou a localização de uma informação específica. Na escola, isso não pode ser diferente. Ler apenas porque o professor solicitou ajuda pouco a desenvolver a competência leitora. A leitura em voz alta, por [&hellip;]</p>

<!-- This site is optimized with the Yoast SEO plugin v19.13 - https://yoast.com/wordpress/plugins/seo/ -->
<title>Premissas - Rotas e Redes Literárias Santa Rita</title>
<meta name="robots" content="index, follow, max-snippet:-1, max-image-preview:large, max-video-preview:-1" />
<link rel="canonical" href="https://educacaointegral.org.br/especiais/rotas-e-redes-literarias-santa-rita/estrategias/praticas-de-leitura/premissas-3/" />
<meta property="og:locale" content="pt_BR" />
<meta property="og:type" content="article" />
<meta property="og:title" content="Premissas - Rotas e Redes Literárias Santa Rita" />
<meta property="og:description" content="Toda vez que alguém lê um texto, o faz com um propósito. Pode ser a fruição literária, o estudo de um tema ou a localização de uma informação específica. Na escola, isso não pode ser diferente. Ler apenas porque o professor solicitou ajuda pouco a desenvolver a competência leitora. A leitura em voz alta, por [&hellip;]" />
<meta property="og:url" content="https://educacaointegral.org.br/especiais/rotas-e-redes-literarias-santa-rita/estrategias/praticas-de-leitura/premissas-3/" />
<meta property="og:site_name" content="Rotas e Redes Literárias Santa Rita" />
<meta property="article:modified_time" content="2022-07-08T20:53:29+00:00" />
<meta property="og:image" content="https://educacaointegral.org.br/especiais/rotas-e-redes-literarias-santa-rita/wp-content/plugins/rrl-santa-rita/build/images/pontilhado-amarelo.ec7fd80e.png" />
<meta name="twitter:card" content="summary_large_image" />
<meta name="twitter:label1" content="Est. tempo de leitura" />
	<meta name="twitter:data1" content="1 minuto" />
<script type="application/ld+json" class="yoast-schema-graph">{"@context":"https://schema.org","@graph":[{"@type":"WebPage","@id":"https://educacaointegral.org.br/especiais/rotas-e-redes-literarias-santa-rita/estrategias/praticas-de-leitura/premissas-3/","url":"https://educacaointegral.org.br/especiais/rotas-e-redes-literarias-santa-rita/estrategias/praticas-de-leitura/premissas-3/","name":"Premissas - Rotas e Redes Literárias Santa Rita","isPartOf":{"@id":"https://educacaointegral.org.br/especiais/rotas-e-redes-literarias-santa-rita/#website"},"datePublished":"2022-07-08T20:53:07+00:00","dateModified":"2022-07-08T20:53:29+00:00","breadcrumb":{"@id":"https://educacaointegral.org.br/especiais/rotas-e-redes-literarias-santa-rita/estrategias/praticas-de-leitura/premissas-3/#breadcrumb"},"inLanguage":"pt-BR","potentialAction":[{"@type":"ReadAction","target":["https://educacaointegral.org.br/especiais/rotas-e-redes-literarias-santa-rita/estrategias/praticas-de-leitura/premissas-3/"]}]},{"@type":"BreadcrumbList","@id":"https://educacaointegral.org.br/especiais/rotas-e-redes-literarias-santa-rita/estrategias/praticas-de-leitura/premissas-3/#breadcrumb","itemListElement":[{"@type":"ListItem","position":1,"name":"Início","item":"https://educacaointegral.org.br/especiais/rotas-e-redes-literarias-santa-rita/"},{"@type":"ListItem","position":2,"name":"Estratégias","item":"https://educacaointegral.org.br/especiais/rotas-e-redes-literarias-santa-rita/estrategias/"},{"@type":"ListItem","position":3,"name":"Práticas de leitura","item":"https://educacaointegral.org.br/especiais/rotas-e-redes-literarias-santa-rita/estrategias/praticas-de-leitura/"},{"@type":"ListItem","position":4,"name":"Premissas"}]},{"@type":"WebSite","@id":"https://educacaointegral.org.br/especiais/rotas-e-redes-literarias-santa-rita/#website","url":"https://educacaointegral.org.br/especiais/rotas-e-redes-literarias-santa-rita/","name":"Rotas e Redes Literárias Santa Rita","description":"Só mais um site Centro de Referências em Educação Integral | Especiais sites","potentialAction":[{"@type":"SearchAction","target":{"@type":"EntryPoint","urlTemplate":"https://educacaointegral.org.br/especiais/rotas-e-redes-literarias-santa-rita/?s={search_term_string}"},"query-input":"required name=search_term_string"}],"inLanguage":"pt-BR"}]}</script>
<!-- / Yoast SEO plugin. -->

Premissas - Rotas e Redes Literárias Santa Rita

Toda vez que alguém lê um texto, o faz com um propósito. Pode ser a fruição literária, o estudo de um tema ou a localização de uma informação específica. Na escola, isso não pode ser diferente. Ler apenas porque o professor solicitou ajuda pouco a desenvolver a competência leitora. A leitura em voz alta, por [&hellip;]

Rotas e Redes Literárias Santa Rita

Início

Estratégias

Práticas de leitura

Só mais um site Centro de Referências em Educação Integral | Especiais sites
