{"id":8,"date":"2021-12-10T15:06:36","date_gmt":"2021-12-10T18:06:36","guid":{"rendered":"https:\/\/educacaointegral.org.br\/especiais\/exclusao-escolar\/?post_type=reportagem&#038;p=8"},"modified":"2022-02-16T10:40:32","modified_gmt":"2022-02-16T13:40:32","slug":"alagoas-cria-bolsas-de-estudo-para-alunos-e-professores","status":"publish","type":"reportagem","link":"https:\/\/educacaointegral.org.br\/especiais\/exclusao-escolar\/reportagens\/alagoas-cria-bolsas-de-estudo-para-alunos-e-professores\/","title":{"rendered":"Alagoas cria bolsas de estudo para alunos e professores"},"content":{"rendered":"\n<p><em>Diante da amplia\u00e7\u00e3o das desigualdades, recursos v\u00e3o auxiliar os estudantes e suas fam\u00edlias a terem condi\u00e7\u00f5es de permanecer na escola<\/em><\/p>\n\n\n\n<p>O trabalho de enfrentamento \u00e0 exclus\u00e3o escolar sempre existiu em Alagoas, com acompanhamento pr\u00f3ximo aos estudantes e trabalho intersetorial e contextualizado a cada territ\u00f3rio. Com o agravamento das desigualdades sociais durante a pandemia, essas a\u00e7\u00f5es precisaram ser ampliadas e a Secretaria Estadual de Educa\u00e7\u00e3o criou bolsas de estudo para apoiar a garantia de condi\u00e7\u00f5es.<\/p>\n\n\n\n<p>&#8220;Percebemos que nossos estudantes n\u00e3o estavam voltando porque se viram na necessidade de trabalhar para poder ajudar a fam\u00edlia. Ent\u00e3o essas bolsas v\u00eam para que eles n\u00e3o precisem trabalhar&#8221;, explica Dileusa Costa, gerente de apoio \u00e0 Gest\u00e3o Escolar e coordenadora estadual da Busca Ativa Escolar em Alagoas.<\/p>\n\n\n\n<p>Para a Educa\u00e7\u00e3o de Jovens e Adultos (EJA), a bolsa criada se chama &#8220;<a href=\"http:\/\/www.educacao.al.gov.br\/projeto\/item\/17246-vem-que-da-tempo\">Vem que d\u00e1 tempo<\/a>&#8220;, em um entendimento de que n\u00e3o \u00e9 tarde demais para continuar aprendendo e se desenvolvendo. Ela oferece recursos para os estudantes poderem estudar e trabalhar no turno que precisarem.&nbsp;<\/p>\n\n\n\n<p>H\u00e1 tamb\u00e9m o \u201cCart\u00e3o Escola 10\u201d, que vai oferecer 100 reais por m\u00eas, a partir de 2022, se os estudantes tiverem uma frequ\u00eancia de 80% em sala de aula, um benef\u00edcio de 500 reais para quem voltar \u00e0s aulas presenciais nas escolas estaduais e outro de 2 mil reais para os concluintes do Ensino M\u00e9dio.<\/p>\n\n\n\n<h3><strong>Professores tamb\u00e9m s\u00e3o contemplados com o programa<\/strong><\/h3>\n\n\n\n<p>Os professores da rede estadual podem concorrer \u00e0s bolsas de 1,5 mil reais do programa \u201cProfessor Mentor\u201d, em que cada educador selecionado indica um estudante para ser monitor &#8211; que tamb\u00e9m \u00e9 contemplado com uma ajuda financeira: receber\u00e1 250 reais. Dessa forma, cada escola ter\u00e1 um professor e um aluno mentor por turma e, juntos, v\u00e3o desenvolver um plano acad\u00eamico para trabalhar com inicia\u00e7\u00e3o cient\u00edfica na educa\u00e7\u00e3o b\u00e1sica.<\/p>\n\n\n\n<p>&#8220;\u00c9 direito do estudante estar na escola e dever da fam\u00edlia, da sociedade e do estado garantir que ele possa continuar estudando. Isso pode envolver ajuda financeira, mas tamb\u00e9m toda a rede de prote\u00e7\u00e3o \u00e0 crian\u00e7a e ao adolescentes&#8221;, afirma Dileusa.<\/p>\n\n\n\n<p>Nesse sentido, a Secretaria Estadual de Alagoas promove uma s\u00e9rie de outras a\u00e7\u00f5es, como a \u201cSemana da Busca Ativa Escolar\u201d, que mobiliza o estado inteiro, em parceria com as escolas municipais, em prol do enfrentamento \u00e0 exclus\u00e3o escolar, e o \u201cDia D\u201d, um evento anual que acontece nas escolas e em seus entornos com campanhas de busca ativa.&nbsp;<\/p>\n\n\n\n<p>Desde 2019, Alagoas tamb\u00e9m implementou a estrat\u00e9gia do Fundo das Na\u00e7\u00f5es Unidas para a Inf\u00e2ncia (Unicef) de Busca Ativa Escolar que, al\u00e9m da plataforma, oferece suporte te\u00f3rico.<\/p>\n\n\n\n<p>&#8220;Com essas a\u00e7\u00f5es, dos nossos mais de 30 mil estudantes afastados da escola no in\u00edcio da pandemia, conseguimos reduzir esse n\u00famero para 11 mil em agosto de 2021, um quantitativo que vai continuar a diminuir ao longo do tempo, porque vamos continuar implementando todas as estrat\u00e9gias poss\u00edveis para as crian\u00e7as, jovens e adultos voltarem a estudar&#8221;, pontua Dileusa.<\/p>\n\n\n\n<p><em>*Foto: Jonathan Lins\/Secretaria de Educa\u00e7\u00e3o do Estado de Alagoas<\/em><\/p>\n","protected":false},"excerpt":{"rendered":"<p>Diante da amplia\u00e7\u00e3o das desigualdades, recursos v\u00e3o auxiliar os estudantes e suas fam\u00edlias a terem condi\u00e7\u00f5es de permanecer na escola<\/p>\n","protected":false},"featured_media":9,"comment_status":"open","ping_status":"closed","template":"","yoast_head":"<!-- This site is optimized with the Yoast SEO plugin v19.13 - https:\/\/yoast.com\/wordpress\/plugins\/seo\/ -->\n<title>Alagoas cria bolsas de estudo para alunos e professores - Exclus\u00e3o Escolar<\/title>\n<meta name=\"description\" content=\"Diante da amplia\u00e7\u00e3o das desigualdades, recursos v\u00e3o auxiliar os estudantes e suas fam\u00edlias a terem condi\u00e7\u00f5es de permanecer na escola\" \/>\n<meta name=\"robots\" content=\"index, follow, max-snippet:-1, max-image-preview:large, max-video-preview:-1\" \/>\n<link rel=\"canonical\" href=\"https:\/\/educacaointegral.org.br\/especiais\/exclusao-escolar\/reportagens\/alagoas-cria-bolsas-de-estudo-para-alunos-e-professores\/\" \/>\n<meta property=\"og:locale\" content=\"pt_BR\" \/>\n<meta property=\"og:type\" content=\"article\" \/>\n<meta property=\"og:title\" content=\"Alagoas cria bolsas de estudo para alunos e professores - Exclus\u00e3o Escolar\" \/>\n<meta property=\"og:description\" content=\"Diante da amplia\u00e7\u00e3o das desigualdades, recursos v\u00e3o auxiliar os estudantes e suas fam\u00edlias a terem condi\u00e7\u00f5es de permanecer na escola\" \/>\n<meta property=\"og:url\" content=\"https:\/\/educacaointegral.org.br\/especiais\/exclusao-escolar\/reportagens\/alagoas-cria-bolsas-de-estudo-para-alunos-e-professores\/\" \/>\n<meta property=\"og:site_name\" content=\"Exclus\u00e3o Escolar\" \/>\n<meta property=\"article:modified_time\" content=\"2022-02-16T13:40:32+00:00\" \/>\n<meta property=\"og:image\" content=\"https:\/\/educacaointegral.org.br\/especiais\/exclusao-escolar\/wp-content\/uploads\/sites\/7\/2021\/12\/1b757aeef488f551aba7b64949e885f6_L.jpg\" \/>\n\t<meta property=\"og:image:width\" content=\"600\" \/>\n\t<meta property=\"og:image:height\" content=\"400\" \/>\n\t<meta property=\"og:image:type\" content=\"image\/jpeg\" \/>\n<meta name=\"twitter:card\" content=\"summary_large_image\" \/>\n<meta name=\"twitter:label1\" content=\"Est. tempo de leitura\" \/>\n\t<meta name=\"twitter:data1\" content=\"3 minutos\" \/>\n<script type=\"application\/ld+json\" class=\"yoast-schema-graph\">{\"@context\":\"https:\/\/schema.org\",\"@graph\":[{\"@type\":\"WebPage\",\"@id\":\"https:\/\/educacaointegral.org.br\/especiais\/exclusao-escolar\/reportagens\/alagoas-cria-bolsas-de-estudo-para-alunos-e-professores\/\",\"url\":\"https:\/\/educacaointegral.org.br\/especiais\/exclusao-escolar\/reportagens\/alagoas-cria-bolsas-de-estudo-para-alunos-e-professores\/\",\"name\":\"Alagoas cria bolsas de estudo para alunos e professores - Exclus\u00e3o Escolar\",\"isPartOf\":{\"@id\":\"https:\/\/educacaointegral.org.br\/especiais\/exclusao-escolar\/#website\"},\"datePublished\":\"2021-12-10T18:06:36+00:00\",\"dateModified\":\"2022-02-16T13:40:32+00:00\",\"description\":\"Diante da amplia\u00e7\u00e3o das desigualdades, recursos v\u00e3o auxiliar os estudantes e suas fam\u00edlias a terem condi\u00e7\u00f5es de permanecer na escola\",\"breadcrumb\":{\"@id\":\"https:\/\/educacaointegral.org.br\/especiais\/exclusao-escolar\/reportagens\/alagoas-cria-bolsas-de-estudo-para-alunos-e-professores\/#breadcrumb\"},\"inLanguage\":\"pt-BR\",\"potentialAction\":[{\"@type\":\"ReadAction\",\"target\":[\"https:\/\/educacaointegral.org.br\/especiais\/exclusao-escolar\/reportagens\/alagoas-cria-bolsas-de-estudo-para-alunos-e-professores\/\"]}]},{\"@type\":\"BreadcrumbList\",\"@id\":\"https:\/\/educacaointegral.org.br\/especiais\/exclusao-escolar\/reportagens\/alagoas-cria-bolsas-de-estudo-para-alunos-e-professores\/#breadcrumb\",\"itemListElement\":[{\"@type\":\"ListItem\",\"position\":1,\"name\":\"In\u00edcio\",\"item\":\"https:\/\/educacaointegral.org.br\/especiais\/exclusao-escolar\/\"},{\"@type\":\"ListItem\",\"position\":2,\"name\":\"Reportagens\",\"item\":\"https:\/\/educacaointegral.org.br\/especiais\/exclusao-escolar\/reportagens\/\"},{\"@type\":\"ListItem\",\"position\":3,\"name\":\"Alagoas cria bolsas de estudo para alunos e professores\"}]},{\"@type\":\"WebSite\",\"@id\":\"https:\/\/educacaointegral.org.br\/especiais\/exclusao-escolar\/#website\",\"url\":\"https:\/\/educacaointegral.org.br\/especiais\/exclusao-escolar\/\",\"name\":\"Exclus\u00e3o Escolar\",\"description\":\"Estrat\u00e9gias de enfrentamento \u00e0 exclus\u00e3o escolar e garantia do direito \u00e0 educa\u00e7\u00e3o\",\"potentialAction\":[{\"@type\":\"SearchAction\",\"target\":{\"@type\":\"EntryPoint\",\"urlTemplate\":\"https:\/\/educacaointegral.org.br\/especiais\/exclusao-escolar\/?s={search_term_string}\"},\"query-input\":\"required name=search_term_string\"}],\"inLanguage\":\"pt-BR\"}]}<\/script>\n<!-- \/ Yoast SEO plugin. -->","yoast_head_json":{"title":"Alagoas cria bolsas de estudo para alunos e professores - Exclus\u00e3o Escolar","description":"Diante da amplia\u00e7\u00e3o das desigualdades, recursos v\u00e3o auxiliar os estudantes e suas fam\u00edlias a terem condi\u00e7\u00f5es de permanecer na escola","robots":{"index":"index","follow":"follow","max-snippet":"max-snippet:-1","max-image-preview":"max-image-preview:large","max-video-preview":"max-video-preview:-1"},"canonical":"https:\/\/educacaointegral.org.br\/especiais\/exclusao-escolar\/reportagens\/alagoas-cria-bolsas-de-estudo-para-alunos-e-professores\/","og_locale":"pt_BR","og_type":"article","og_title":"Alagoas cria bolsas de estudo para alunos e professores - Exclus\u00e3o Escolar","og_description":"Diante da amplia\u00e7\u00e3o das desigualdades, recursos v\u00e3o auxiliar os estudantes e suas fam\u00edlias a terem condi\u00e7\u00f5es de permanecer na escola","og_url":"https:\/\/educacaointegral.org.br\/especiais\/exclusao-escolar\/reportagens\/alagoas-cria-bolsas-de-estudo-para-alunos-e-professores\/","og_site_name":"Exclus\u00e3o Escolar","article_modified_time":"2022-02-16T13:40:32+00:00","og_image":[{"width":600,"height":400,"url":"https:\/\/educacaointegral.org.br\/especiais\/exclusao-escolar\/wp-content\/uploads\/sites\/7\/2021\/12\/1b757aeef488f551aba7b64949e885f6_L.jpg","type":"image\/jpeg"}],"twitter_card":"summary_large_image","twitter_misc":{"Est. tempo de leitura":"3 minutos"},"schema":{"@context":"https:\/\/schema.org","@graph":[{"@type":"WebPage","@id":"https:\/\/educacaointegral.org.br\/especiais\/exclusao-escolar\/reportagens\/alagoas-cria-bolsas-de-estudo-para-alunos-e-professores\/","url":"https:\/\/educacaointegral.org.br\/especiais\/exclusao-escolar\/reportagens\/alagoas-cria-bolsas-de-estudo-para-alunos-e-professores\/","name":"Alagoas cria bolsas de estudo para alunos e professores - Exclus\u00e3o Escolar","isPartOf":{"@id":"https:\/\/educacaointegral.org.br\/especiais\/exclusao-escolar\/#website"},"datePublished":"2021-12-10T18:06:36+00:00","dateModified":"2022-02-16T13:40:32+00:00","description":"Diante da amplia\u00e7\u00e3o das desigualdades, recursos v\u00e3o auxiliar os estudantes e suas fam\u00edlias a terem condi\u00e7\u00f5es de permanecer na escola","breadcrumb":{"@id":"https:\/\/educacaointegral.org.br\/especiais\/exclusao-escolar\/reportagens\/alagoas-cria-bolsas-de-estudo-para-alunos-e-professores\/#breadcrumb"},"inLanguage":"pt-BR","potentialAction":[{"@type":"ReadAction","target":["https:\/\/educacaointegral.org.br\/especiais\/exclusao-escolar\/reportagens\/alagoas-cria-bolsas-de-estudo-para-alunos-e-professores\/"]}]},{"@type":"BreadcrumbList","@id":"https:\/\/educacaointegral.org.br\/especiais\/exclusao-escolar\/reportagens\/alagoas-cria-bolsas-de-estudo-para-alunos-e-professores\/#breadcrumb","itemListElement":[{"@type":"ListItem","position":1,"name":"In\u00edcio","item":"https:\/\/educacaointegral.org.br\/especiais\/exclusao-escolar\/"},{"@type":"ListItem","position":2,"name":"Reportagens","item":"https:\/\/educacaointegral.org.br\/especiais\/exclusao-escolar\/reportagens\/"},{"@type":"ListItem","position":3,"name":"Alagoas cria bolsas de estudo para alunos e professores"}]},{"@type":"WebSite","@id":"https:\/\/educacaointegral.org.br\/especiais\/exclusao-escolar\/#website","url":"https:\/\/educacaointegral.org.br\/especiais\/exclusao-escolar\/","name":"Exclus\u00e3o Escolar","description":"Estrat\u00e9gias de enfrentamento \u00e0 exclus\u00e3o escolar e garantia do direito \u00e0 educa\u00e7\u00e3o","potentialAction":[{"@type":"SearchAction","target":{"@type":"EntryPoint","urlTemplate":"https:\/\/educacaointegral.org.br\/especiais\/exclusao-escolar\/?s={search_term_string}"},"query-input":"required name=search_term_string"}],"inLanguage":"pt-BR"}]}},"_links":{"self":[{"href":"https:\/\/educacaointegral.org.br\/especiais\/exclusao-escolar\/wp-json\/wp\/v2\/reportagem\/8"}],"collection":[{"href":"https:\/\/educacaointegral.org.br\/especiais\/exclusao-escolar\/wp-json\/wp\/v2\/reportagem"}],"about":[{"href":"https:\/\/educacaointegral.org.br\/especiais\/exclusao-escolar\/wp-json\/wp\/v2\/types\/reportagem"}],"replies":[{"embeddable":true,"href":"https:\/\/educacaointegral.org.br\/especiais\/exclusao-escolar\/wp-json\/wp\/v2\/comments?post=8"}],"wp:featuredmedia":[{"embeddable":true,"href":"https:\/\/educacaointegral.org.br\/especiais\/exclusao-escolar\/wp-json\/wp\/v2\/media\/9"}],"wp:attachment":[{"href":"https:\/\/educacaointegral.org.br\/especiais\/exclusao-escolar\/wp-json\/wp\/v2\/media?parent=8"}],"curies":[{"name":"wp","href":"https:\/\/api.w.org\/{rel}","templated":true}]}}

<p><em>Diante da ampliação das desigualdades, recursos vão auxiliar os estudantes e suas famílias a terem condições de permanecer na escola</em></p>



<p>O trabalho de enfrentamento à exclusão escolar sempre existiu em Alagoas, com acompanhamento próximo aos estudantes e trabalho intersetorial e contextualizado a cada território. Com o agravamento das desigualdades sociais durante a pandemia, essas ações precisaram ser ampliadas e a Secretaria Estadual de Educação criou bolsas de estudo para apoiar a garantia de condições.</p>



<p>&#8220;Percebemos que nossos estudantes não estavam voltando porque se viram na necessidade de trabalhar para poder ajudar a família. Então essas bolsas vêm para que eles não precisem trabalhar&#8221;, explica Dileusa Costa, gerente de apoio à Gestão Escolar e coordenadora estadual da Busca Ativa Escolar em Alagoas.</p>



<p>Para a Educação de Jovens e Adultos (EJA), a bolsa criada se chama &#8220;<a href="http://www.educacao.al.gov.br/projeto/item/17246-vem-que-da-tempo">Vem que dá tempo</a>&#8220;, em um entendimento de que não é tarde demais para continuar aprendendo e se desenvolvendo. Ela oferece recursos para os estudantes poderem estudar e trabalhar no turno que precisarem.&nbsp;</p>



<p>Há também o “Cartão Escola 10”, que vai oferecer 100 reais por mês, a partir de 2022, se os estudantes tiverem uma frequência de 80% em sala de aula, um benefício de 500 reais para quem voltar às aulas presenciais nas escolas estaduais e outro de 2 mil reais para os concluintes do Ensino Médio.</p>



<h3><strong>Professores também são contemplados com o programa</strong></h3>



<p>Os professores da rede estadual podem concorrer às bolsas de 1,5 mil reais do programa “Professor Mentor”, em que cada educador selecionado indica um estudante para ser monitor &#8211; que também é contemplado com uma ajuda financeira: receberá 250 reais. Dessa forma, cada escola terá um professor e um aluno mentor por turma e, juntos, vão desenvolver um plano acadêmico para trabalhar com iniciação científica na educação básica.</p>



<p>&#8220;É direito do estudante estar na escola e dever da família, da sociedade e do estado garantir que ele possa continuar estudando. Isso pode envolver ajuda financeira, mas também toda a rede de proteção à criança e ao adolescentes&#8221;, afirma Dileusa.</p>



<p>Nesse sentido, a Secretaria Estadual de Alagoas promove uma série de outras ações, como a “Semana da Busca Ativa Escolar”, que mobiliza o estado inteiro, em parceria com as escolas municipais, em prol do enfrentamento à exclusão escolar, e o “Dia D”, um evento anual que acontece nas escolas e em seus entornos com campanhas de busca ativa.&nbsp;</p>



<p>Desde 2019, Alagoas também implementou a estratégia do Fundo das Nações Unidas para a Infância (Unicef) de Busca Ativa Escolar que, além da plataforma, oferece suporte teórico.</p>



<p>&#8220;Com essas ações, dos nossos mais de 30 mil estudantes afastados da escola no início da pandemia, conseguimos reduzir esse número para 11 mil em agosto de 2021, um quantitativo que vai continuar a diminuir ao longo do tempo, porque vamos continuar implementando todas as estratégias possíveis para as crianças, jovens e adultos voltarem a estudar&#8221;, pontua Dileusa.</p>



<p><em>*Foto: Jonathan Lins/Secretaria de Educação do Estado de Alagoas</em></p>

<p>Diante da ampliação das desigualdades, recursos vão auxiliar os estudantes e suas famílias a terem condições de permanecer na escola</p>

<!-- This site is optimized with the Yoast SEO plugin v19.13 - https://yoast.com/wordpress/plugins/seo/ -->
<title>Alagoas cria bolsas de estudo para alunos e professores - Exclusão Escolar</title>
<meta name="description" content="Diante da ampliação das desigualdades, recursos vão auxiliar os estudantes e suas famílias a terem condições de permanecer na escola" />
<meta name="robots" content="index, follow, max-snippet:-1, max-image-preview:large, max-video-preview:-1" />
<link rel="canonical" href="https://educacaointegral.org.br/especiais/exclusao-escolar/reportagens/alagoas-cria-bolsas-de-estudo-para-alunos-e-professores/" />
<meta property="og:locale" content="pt_BR" />
<meta property="og:type" content="article" />
<meta property="og:title" content="Alagoas cria bolsas de estudo para alunos e professores - Exclusão Escolar" />
<meta property="og:description" content="Diante da ampliação das desigualdades, recursos vão auxiliar os estudantes e suas famílias a terem condições de permanecer na escola" />
<meta property="og:url" content="https://educacaointegral.org.br/especiais/exclusao-escolar/reportagens/alagoas-cria-bolsas-de-estudo-para-alunos-e-professores/" />
<meta property="og:site_name" content="Exclusão Escolar" />
<meta property="article:modified_time" content="2022-02-16T13:40:32+00:00" />
<meta property="og:image" content="https://educacaointegral.org.br/especiais/exclusao-escolar/wp-content/uploads/sites/7/2021/12/1b757aeef488f551aba7b64949e885f6_L.jpg" />
	<meta property="og:image:width" content="600" />
	<meta property="og:image:height" content="400" />
	<meta property="og:image:type" content="image/jpeg" />
<meta name="twitter:card" content="summary_large_image" />
<meta name="twitter:label1" content="Est. tempo de leitura" />
	<meta name="twitter:data1" content="3 minutos" />
<script type="application/ld+json" class="yoast-schema-graph">{"@context":"https://schema.org","@graph":[{"@type":"WebPage","@id":"https://educacaointegral.org.br/especiais/exclusao-escolar/reportagens/alagoas-cria-bolsas-de-estudo-para-alunos-e-professores/","url":"https://educacaointegral.org.br/especiais/exclusao-escolar/reportagens/alagoas-cria-bolsas-de-estudo-para-alunos-e-professores/","name":"Alagoas cria bolsas de estudo para alunos e professores - Exclusão Escolar","isPartOf":{"@id":"https://educacaointegral.org.br/especiais/exclusao-escolar/#website"},"datePublished":"2021-12-10T18:06:36+00:00","dateModified":"2022-02-16T13:40:32+00:00","description":"Diante da ampliação das desigualdades, recursos vão auxiliar os estudantes e suas famílias a terem condições de permanecer na escola","breadcrumb":{"@id":"https://educacaointegral.org.br/especiais/exclusao-escolar/reportagens/alagoas-cria-bolsas-de-estudo-para-alunos-e-professores/#breadcrumb"},"inLanguage":"pt-BR","potentialAction":[{"@type":"ReadAction","target":["https://educacaointegral.org.br/especiais/exclusao-escolar/reportagens/alagoas-cria-bolsas-de-estudo-para-alunos-e-professores/"]}]},{"@type":"BreadcrumbList","@id":"https://educacaointegral.org.br/especiais/exclusao-escolar/reportagens/alagoas-cria-bolsas-de-estudo-para-alunos-e-professores/#breadcrumb","itemListElement":[{"@type":"ListItem","position":1,"name":"Início","item":"https://educacaointegral.org.br/especiais/exclusao-escolar/"},{"@type":"ListItem","position":2,"name":"Reportagens","item":"https://educacaointegral.org.br/especiais/exclusao-escolar/reportagens/"},{"@type":"ListItem","position":3,"name":"Alagoas cria bolsas de estudo para alunos e professores"}]},{"@type":"WebSite","@id":"https://educacaointegral.org.br/especiais/exclusao-escolar/#website","url":"https://educacaointegral.org.br/especiais/exclusao-escolar/","name":"Exclusão Escolar","description":"Estratégias de enfrentamento à exclusão escolar e garantia do direito à educação","potentialAction":[{"@type":"SearchAction","target":{"@type":"EntryPoint","urlTemplate":"https://educacaointegral.org.br/especiais/exclusao-escolar/?s={search_term_string}"},"query-input":"required name=search_term_string"}],"inLanguage":"pt-BR"}]}</script>
<!-- / Yoast SEO plugin. -->

Alagoas cria bolsas de estudo para alunos e professores - Exclusão Escolar

Diante da ampliação das desigualdades, recursos vão auxiliar os estudantes e suas famílias a terem condições de permanecer na escola

Exclusão Escolar

Início

Estratégias de enfrentamento à exclusão escolar e garantia do direito à educação
