{"id":82,"date":"2025-07-07T18:17:56","date_gmt":"2025-07-07T21:17:56","guid":{"rendered":"https:\/\/educacaointegral.org.br\/especiais\/exclusao-escolar\/?page_id=82"},"modified":"2025-07-07T18:17:57","modified_gmt":"2025-07-07T21:17:57","slug":"expediente","status":"publish","type":"page","link":"https:\/\/educacaointegral.org.br\/especiais\/exclusao-escolar\/expediente\/","title":{"rendered":"Expediente"},"content":{"rendered":"\n<p><strong>Coordena\u00e7\u00e3o: <\/strong>Tory Helena e Raiana Ribeiro<br><strong>Edi\u00e7\u00e3o:<\/strong> Tory Helena<br><strong>Reda\u00e7\u00e3o: <\/strong>Ingrid Matuoka<\/p>\n","protected":false},"excerpt":{"rendered":"<p>Coordena\u00e7\u00e3o: Tory Helena e Raiana RibeiroEdi\u00e7\u00e3o: Tory HelenaReda\u00e7\u00e3o: Ingrid Matuoka<\/p>\n","protected":false},"author":5,"featured_media":0,"parent":0,"menu_order":0,"comment_status":"closed","ping_status":"closed","template":"","meta":[],"yoast_head":"<!-- This site is optimized with the Yoast SEO plugin v19.13 - https:\/\/yoast.com\/wordpress\/plugins\/seo\/ -->\n<title>Expediente - Exclus\u00e3o Escolar<\/title>\n<meta name=\"robots\" content=\"index, follow, max-snippet:-1, max-image-preview:large, max-video-preview:-1\" \/>\n<link rel=\"canonical\" href=\"https:\/\/educacaointegral.org.br\/especiais\/exclusao-escolar\/expediente\/\" \/>\n<meta property=\"og:locale\" content=\"pt_BR\" \/>\n<meta property=\"og:type\" content=\"article\" \/>\n<meta property=\"og:title\" content=\"Expediente - Exclus\u00e3o Escolar\" \/>\n<meta property=\"og:description\" content=\"Coordena\u00e7\u00e3o: Tory Helena e Raiana RibeiroEdi\u00e7\u00e3o: Tory HelenaReda\u00e7\u00e3o: Ingrid Matuoka\" \/>\n<meta property=\"og:url\" content=\"https:\/\/educacaointegral.org.br\/especiais\/exclusao-escolar\/expediente\/\" \/>\n<meta property=\"og:site_name\" content=\"Exclus\u00e3o Escolar\" \/>\n<meta property=\"article:modified_time\" content=\"2025-07-07T21:17:57+00:00\" \/>\n<meta name=\"twitter:card\" content=\"summary_large_image\" \/>\n<meta name=\"twitter:label1\" content=\"Est. tempo de leitura\" \/>\n\t<meta name=\"twitter:data1\" content=\"1 minuto\" \/>\n<script type=\"application\/ld+json\" class=\"yoast-schema-graph\">{\"@context\":\"https:\/\/schema.org\",\"@graph\":[{\"@type\":\"WebPage\",\"@id\":\"https:\/\/educacaointegral.org.br\/especiais\/exclusao-escolar\/expediente\/\",\"url\":\"https:\/\/educacaointegral.org.br\/especiais\/exclusao-escolar\/expediente\/\",\"name\":\"Expediente - Exclus\u00e3o Escolar\",\"isPartOf\":{\"@id\":\"https:\/\/educacaointegral.org.br\/especiais\/exclusao-escolar\/#website\"},\"datePublished\":\"2025-07-07T21:17:56+00:00\",\"dateModified\":\"2025-07-07T21:17:57+00:00\",\"breadcrumb\":{\"@id\":\"https:\/\/educacaointegral.org.br\/especiais\/exclusao-escolar\/expediente\/#breadcrumb\"},\"inLanguage\":\"pt-BR\",\"potentialAction\":[{\"@type\":\"ReadAction\",\"target\":[\"https:\/\/educacaointegral.org.br\/especiais\/exclusao-escolar\/expediente\/\"]}]},{\"@type\":\"BreadcrumbList\",\"@id\":\"https:\/\/educacaointegral.org.br\/especiais\/exclusao-escolar\/expediente\/#breadcrumb\",\"itemListElement\":[{\"@type\":\"ListItem\",\"position\":1,\"name\":\"In\u00edcio\",\"item\":\"https:\/\/educacaointegral.org.br\/especiais\/exclusao-escolar\/\"},{\"@type\":\"ListItem\",\"position\":2,\"name\":\"Expediente\"}]},{\"@type\":\"WebSite\",\"@id\":\"https:\/\/educacaointegral.org.br\/especiais\/exclusao-escolar\/#website\",\"url\":\"https:\/\/educacaointegral.org.br\/especiais\/exclusao-escolar\/\",\"name\":\"Exclus\u00e3o Escolar\",\"description\":\"Estrat\u00e9gias de enfrentamento \u00e0 exclus\u00e3o escolar e garantia do direito \u00e0 educa\u00e7\u00e3o\",\"potentialAction\":[{\"@type\":\"SearchAction\",\"target\":{\"@type\":\"EntryPoint\",\"urlTemplate\":\"https:\/\/educacaointegral.org.br\/especiais\/exclusao-escolar\/?s={search_term_string}\"},\"query-input\":\"required name=search_term_string\"}],\"inLanguage\":\"pt-BR\"}]}<\/script>\n<!-- \/ Yoast SEO plugin. -->","yoast_head_json":{"title":"Expediente - Exclus\u00e3o Escolar","robots":{"index":"index","follow":"follow","max-snippet":"max-snippet:-1","max-image-preview":"max-image-preview:large","max-video-preview":"max-video-preview:-1"},"canonical":"https:\/\/educacaointegral.org.br\/especiais\/exclusao-escolar\/expediente\/","og_locale":"pt_BR","og_type":"article","og_title":"Expediente - Exclus\u00e3o Escolar","og_description":"Coordena\u00e7\u00e3o: Tory Helena e Raiana RibeiroEdi\u00e7\u00e3o: Tory HelenaReda\u00e7\u00e3o: Ingrid Matuoka","og_url":"https:\/\/educacaointegral.org.br\/especiais\/exclusao-escolar\/expediente\/","og_site_name":"Exclus\u00e3o Escolar","article_modified_time":"2025-07-07T21:17:57+00:00","twitter_card":"summary_large_image","twitter_misc":{"Est. tempo de leitura":"1 minuto"},"schema":{"@context":"https:\/\/schema.org","@graph":[{"@type":"WebPage","@id":"https:\/\/educacaointegral.org.br\/especiais\/exclusao-escolar\/expediente\/","url":"https:\/\/educacaointegral.org.br\/especiais\/exclusao-escolar\/expediente\/","name":"Expediente - Exclus\u00e3o Escolar","isPartOf":{"@id":"https:\/\/educacaointegral.org.br\/especiais\/exclusao-escolar\/#website"},"datePublished":"2025-07-07T21:17:56+00:00","dateModified":"2025-07-07T21:17:57+00:00","breadcrumb":{"@id":"https:\/\/educacaointegral.org.br\/especiais\/exclusao-escolar\/expediente\/#breadcrumb"},"inLanguage":"pt-BR","potentialAction":[{"@type":"ReadAction","target":["https:\/\/educacaointegral.org.br\/especiais\/exclusao-escolar\/expediente\/"]}]},{"@type":"BreadcrumbList","@id":"https:\/\/educacaointegral.org.br\/especiais\/exclusao-escolar\/expediente\/#breadcrumb","itemListElement":[{"@type":"ListItem","position":1,"name":"In\u00edcio","item":"https:\/\/educacaointegral.org.br\/especiais\/exclusao-escolar\/"},{"@type":"ListItem","position":2,"name":"Expediente"}]},{"@type":"WebSite","@id":"https:\/\/educacaointegral.org.br\/especiais\/exclusao-escolar\/#website","url":"https:\/\/educacaointegral.org.br\/especiais\/exclusao-escolar\/","name":"Exclus\u00e3o Escolar","description":"Estrat\u00e9gias de enfrentamento \u00e0 exclus\u00e3o escolar e garantia do direito \u00e0 educa\u00e7\u00e3o","potentialAction":[{"@type":"SearchAction","target":{"@type":"EntryPoint","urlTemplate":"https:\/\/educacaointegral.org.br\/especiais\/exclusao-escolar\/?s={search_term_string}"},"query-input":"required name=search_term_string"}],"inLanguage":"pt-BR"}]}},"_links":{"self":[{"href":"https:\/\/educacaointegral.org.br\/especiais\/exclusao-escolar\/wp-json\/wp\/v2\/pages\/82"}],"collection":[{"href":"https:\/\/educacaointegral.org.br\/especiais\/exclusao-escolar\/wp-json\/wp\/v2\/pages"}],"about":[{"href":"https:\/\/educacaointegral.org.br\/especiais\/exclusao-escolar\/wp-json\/wp\/v2\/types\/page"}],"author":[{"embeddable":true,"href":"https:\/\/educacaointegral.org.br\/especiais\/exclusao-escolar\/wp-json\/wp\/v2\/users\/5"}],"replies":[{"embeddable":true,"href":"https:\/\/educacaointegral.org.br\/especiais\/exclusao-escolar\/wp-json\/wp\/v2\/comments?post=82"}],"version-history":[{"count":1,"href":"https:\/\/educacaointegral.org.br\/especiais\/exclusao-escolar\/wp-json\/wp\/v2\/pages\/82\/revisions"}],"predecessor-version":[{"id":83,"href":"https:\/\/educacaointegral.org.br\/especiais\/exclusao-escolar\/wp-json\/wp\/v2\/pages\/82\/revisions\/83"}],"wp:attachment":[{"href":"https:\/\/educacaointegral.org.br\/especiais\/exclusao-escolar\/wp-json\/wp\/v2\/media?parent=82"}],"curies":[{"name":"wp","href":"https:\/\/api.w.org\/{rel}","templated":true}]}}

<p><strong>Coordenação: </strong>Tory Helena e Raiana Ribeiro<br><strong>Edição:</strong> Tory Helena<br><strong>Redação: </strong>Ingrid Matuoka</p>

<p>Coordenação: Tory Helena e Raiana RibeiroEdição: Tory HelenaRedação: Ingrid Matuoka</p>

<!-- This site is optimized with the Yoast SEO plugin v19.13 - https://yoast.com/wordpress/plugins/seo/ -->
<title>Expediente - Exclusão Escolar</title>
<meta name="robots" content="index, follow, max-snippet:-1, max-image-preview:large, max-video-preview:-1" />
<link rel="canonical" href="https://educacaointegral.org.br/especiais/exclusao-escolar/expediente/" />
<meta property="og:locale" content="pt_BR" />
<meta property="og:type" content="article" />
<meta property="og:title" content="Expediente - Exclusão Escolar" />
<meta property="og:description" content="Coordenação: Tory Helena e Raiana RibeiroEdição: Tory HelenaRedação: Ingrid Matuoka" />
<meta property="og:url" content="https://educacaointegral.org.br/especiais/exclusao-escolar/expediente/" />
<meta property="og:site_name" content="Exclusão Escolar" />
<meta property="article:modified_time" content="2025-07-07T21:17:57+00:00" />
<meta name="twitter:card" content="summary_large_image" />
<meta name="twitter:label1" content="Est. tempo de leitura" />
	<meta name="twitter:data1" content="1 minuto" />
<script type="application/ld+json" class="yoast-schema-graph">{"@context":"https://schema.org","@graph":[{"@type":"WebPage","@id":"https://educacaointegral.org.br/especiais/exclusao-escolar/expediente/","url":"https://educacaointegral.org.br/especiais/exclusao-escolar/expediente/","name":"Expediente - Exclusão Escolar","isPartOf":{"@id":"https://educacaointegral.org.br/especiais/exclusao-escolar/#website"},"datePublished":"2025-07-07T21:17:56+00:00","dateModified":"2025-07-07T21:17:57+00:00","breadcrumb":{"@id":"https://educacaointegral.org.br/especiais/exclusao-escolar/expediente/#breadcrumb"},"inLanguage":"pt-BR","potentialAction":[{"@type":"ReadAction","target":["https://educacaointegral.org.br/especiais/exclusao-escolar/expediente/"]}]},{"@type":"BreadcrumbList","@id":"https://educacaointegral.org.br/especiais/exclusao-escolar/expediente/#breadcrumb","itemListElement":[{"@type":"ListItem","position":1,"name":"Início","item":"https://educacaointegral.org.br/especiais/exclusao-escolar/"},{"@type":"ListItem","position":2,"name":"Expediente"}]},{"@type":"WebSite","@id":"https://educacaointegral.org.br/especiais/exclusao-escolar/#website","url":"https://educacaointegral.org.br/especiais/exclusao-escolar/","name":"Exclusão Escolar","description":"Estratégias de enfrentamento à exclusão escolar e garantia do direito à educação","potentialAction":[{"@type":"SearchAction","target":{"@type":"EntryPoint","urlTemplate":"https://educacaointegral.org.br/especiais/exclusao-escolar/?s={search_term_string}"},"query-input":"required name=search_term_string"}],"inLanguage":"pt-BR"}]}</script>
<!-- / Yoast SEO plugin. -->

Expediente - Exclusão Escolar

Coordenação: Tory Helena e Raiana RibeiroEdição: Tory HelenaRedação: Ingrid Matuoka

Exclusão Escolar

Início

Estratégias de enfrentamento à exclusão escolar e garantia do direito à educação
