{"id":117,"date":"2025-07-07T17:46:34","date_gmt":"2025-07-07T20:46:34","guid":{"rendered":"https:\/\/educacaointegral.org.br\/especiais\/educacao-integral-na-serra\/?page_id=117"},"modified":"2025-07-07T17:48:41","modified_gmt":"2025-07-07T20:48:41","slug":"ficha-tecnica","status":"publish","type":"page","link":"https:\/\/educacaointegral.org.br\/especiais\/educacao-integral-na-serra\/ficha-tecnica\/","title":{"rendered":"Ficha T\u00e9cnica"},"content":{"rendered":"\n<p><strong>Concep\u00e7\u00e3o e Coordena\u00e7\u00e3o<\/strong><br>Raiana Ribeiro<\/p>\n\n\n\n<p><strong>Sistematiza\u00e7\u00e3o das Pr\u00e1ticas<\/strong><br>Ana Paula Pietri<br>Heloisa Proen\u00e7a<br>Fernando Mendes<\/p>\n\n\n\n<p><strong>Projeto Gr\u00e1fico<\/strong><br>Glaucia Cavalcante<\/p>\n","protected":false},"excerpt":{"rendered":"<p>Concep\u00e7\u00e3o e Coordena\u00e7\u00e3oRaiana Ribeiro Sistematiza\u00e7\u00e3o das Pr\u00e1ticasAna Paula PietriHeloisa Proen\u00e7aFernando Mendes Projeto Gr\u00e1ficoGlaucia Cavalcante<\/p>\n","protected":false},"author":1,"featured_media":0,"parent":0,"menu_order":0,"comment_status":"closed","ping_status":"closed","template":"","meta":[],"yoast_head":"<!-- This site is optimized with the Yoast SEO plugin v19.13 - https:\/\/yoast.com\/wordpress\/plugins\/seo\/ -->\n<title>Ficha T\u00e9cnica - Educa\u00e7\u00e3o Integral na Serra<\/title>\n<meta name=\"robots\" content=\"index, follow, max-snippet:-1, max-image-preview:large, max-video-preview:-1\" \/>\n<link rel=\"canonical\" href=\"https:\/\/educacaointegral.org.br\/especiais\/educacao-integral-na-serra\/ficha-tecnica\/\" \/>\n<meta property=\"og:locale\" content=\"pt_BR\" \/>\n<meta property=\"og:type\" content=\"article\" \/>\n<meta property=\"og:title\" content=\"Ficha T\u00e9cnica - Educa\u00e7\u00e3o Integral na Serra\" \/>\n<meta property=\"og:description\" content=\"Concep\u00e7\u00e3o e Coordena\u00e7\u00e3oRaiana Ribeiro Sistematiza\u00e7\u00e3o das Pr\u00e1ticasAna Paula PietriHeloisa Proen\u00e7aFernando Mendes Projeto Gr\u00e1ficoGlaucia Cavalcante\" \/>\n<meta property=\"og:url\" content=\"https:\/\/educacaointegral.org.br\/especiais\/educacao-integral-na-serra\/ficha-tecnica\/\" \/>\n<meta property=\"og:site_name\" content=\"Educa\u00e7\u00e3o Integral na Serra\" \/>\n<meta property=\"article:modified_time\" content=\"2025-07-07T20:48:41+00:00\" \/>\n<meta name=\"twitter:card\" content=\"summary_large_image\" \/>\n<meta name=\"twitter:label1\" content=\"Est. tempo de leitura\" \/>\n\t<meta name=\"twitter:data1\" content=\"1 minuto\" \/>\n<script type=\"application\/ld+json\" class=\"yoast-schema-graph\">{\"@context\":\"https:\/\/schema.org\",\"@graph\":[{\"@type\":\"WebPage\",\"@id\":\"https:\/\/educacaointegral.org.br\/especiais\/educacao-integral-na-serra\/ficha-tecnica\/\",\"url\":\"https:\/\/educacaointegral.org.br\/especiais\/educacao-integral-na-serra\/ficha-tecnica\/\",\"name\":\"Ficha T\u00e9cnica - Educa\u00e7\u00e3o Integral na Serra\",\"isPartOf\":{\"@id\":\"https:\/\/educacaointegral.org.br\/especiais\/educacao-integral-na-serra\/#website\"},\"datePublished\":\"2025-07-07T20:46:34+00:00\",\"dateModified\":\"2025-07-07T20:48:41+00:00\",\"breadcrumb\":{\"@id\":\"https:\/\/educacaointegral.org.br\/especiais\/educacao-integral-na-serra\/ficha-tecnica\/#breadcrumb\"},\"inLanguage\":\"pt-BR\",\"potentialAction\":[{\"@type\":\"ReadAction\",\"target\":[\"https:\/\/educacaointegral.org.br\/especiais\/educacao-integral-na-serra\/ficha-tecnica\/\"]}]},{\"@type\":\"BreadcrumbList\",\"@id\":\"https:\/\/educacaointegral.org.br\/especiais\/educacao-integral-na-serra\/ficha-tecnica\/#breadcrumb\",\"itemListElement\":[{\"@type\":\"ListItem\",\"position\":1,\"name\":\"In\u00edcio\",\"item\":\"https:\/\/educacaointegral.org.br\/especiais\/educacao-integral-na-serra\/\"},{\"@type\":\"ListItem\",\"position\":2,\"name\":\"Ficha T\u00e9cnica\"}]},{\"@type\":\"WebSite\",\"@id\":\"https:\/\/educacaointegral.org.br\/especiais\/educacao-integral-na-serra\/#website\",\"url\":\"https:\/\/educacaointegral.org.br\/especiais\/educacao-integral-na-serra\/\",\"name\":\"Educa\u00e7\u00e3o Integral na Serra\",\"description\":\"Educa\u00e7\u00e3o Integral e Territ\u00f3rios Educativos nas Pr\u00e1ticas Pedag\u00f3gicas da rede municipal de ensino de Serra\",\"potentialAction\":[{\"@type\":\"SearchAction\",\"target\":{\"@type\":\"EntryPoint\",\"urlTemplate\":\"https:\/\/educacaointegral.org.br\/especiais\/educacao-integral-na-serra\/?s={search_term_string}\"},\"query-input\":\"required name=search_term_string\"}],\"inLanguage\":\"pt-BR\"}]}<\/script>\n<!-- \/ Yoast SEO plugin. -->","yoast_head_json":{"title":"Ficha T\u00e9cnica - Educa\u00e7\u00e3o Integral na Serra","robots":{"index":"index","follow":"follow","max-snippet":"max-snippet:-1","max-image-preview":"max-image-preview:large","max-video-preview":"max-video-preview:-1"},"canonical":"https:\/\/educacaointegral.org.br\/especiais\/educacao-integral-na-serra\/ficha-tecnica\/","og_locale":"pt_BR","og_type":"article","og_title":"Ficha T\u00e9cnica - Educa\u00e7\u00e3o Integral na Serra","og_description":"Concep\u00e7\u00e3o e Coordena\u00e7\u00e3oRaiana Ribeiro Sistematiza\u00e7\u00e3o das Pr\u00e1ticasAna Paula PietriHeloisa Proen\u00e7aFernando Mendes Projeto Gr\u00e1ficoGlaucia Cavalcante","og_url":"https:\/\/educacaointegral.org.br\/especiais\/educacao-integral-na-serra\/ficha-tecnica\/","og_site_name":"Educa\u00e7\u00e3o Integral na Serra","article_modified_time":"2025-07-07T20:48:41+00:00","twitter_card":"summary_large_image","twitter_misc":{"Est. tempo de leitura":"1 minuto"},"schema":{"@context":"https:\/\/schema.org","@graph":[{"@type":"WebPage","@id":"https:\/\/educacaointegral.org.br\/especiais\/educacao-integral-na-serra\/ficha-tecnica\/","url":"https:\/\/educacaointegral.org.br\/especiais\/educacao-integral-na-serra\/ficha-tecnica\/","name":"Ficha T\u00e9cnica - Educa\u00e7\u00e3o Integral na Serra","isPartOf":{"@id":"https:\/\/educacaointegral.org.br\/especiais\/educacao-integral-na-serra\/#website"},"datePublished":"2025-07-07T20:46:34+00:00","dateModified":"2025-07-07T20:48:41+00:00","breadcrumb":{"@id":"https:\/\/educacaointegral.org.br\/especiais\/educacao-integral-na-serra\/ficha-tecnica\/#breadcrumb"},"inLanguage":"pt-BR","potentialAction":[{"@type":"ReadAction","target":["https:\/\/educacaointegral.org.br\/especiais\/educacao-integral-na-serra\/ficha-tecnica\/"]}]},{"@type":"BreadcrumbList","@id":"https:\/\/educacaointegral.org.br\/especiais\/educacao-integral-na-serra\/ficha-tecnica\/#breadcrumb","itemListElement":[{"@type":"ListItem","position":1,"name":"In\u00edcio","item":"https:\/\/educacaointegral.org.br\/especiais\/educacao-integral-na-serra\/"},{"@type":"ListItem","position":2,"name":"Ficha T\u00e9cnica"}]},{"@type":"WebSite","@id":"https:\/\/educacaointegral.org.br\/especiais\/educacao-integral-na-serra\/#website","url":"https:\/\/educacaointegral.org.br\/especiais\/educacao-integral-na-serra\/","name":"Educa\u00e7\u00e3o Integral na Serra","description":"Educa\u00e7\u00e3o Integral e Territ\u00f3rios Educativos nas Pr\u00e1ticas Pedag\u00f3gicas da rede municipal de ensino de Serra","potentialAction":[{"@type":"SearchAction","target":{"@type":"EntryPoint","urlTemplate":"https:\/\/educacaointegral.org.br\/especiais\/educacao-integral-na-serra\/?s={search_term_string}"},"query-input":"required name=search_term_string"}],"inLanguage":"pt-BR"}]}},"_links":{"self":[{"href":"https:\/\/educacaointegral.org.br\/especiais\/educacao-integral-na-serra\/wp-json\/wp\/v2\/pages\/117"}],"collection":[{"href":"https:\/\/educacaointegral.org.br\/especiais\/educacao-integral-na-serra\/wp-json\/wp\/v2\/pages"}],"about":[{"href":"https:\/\/educacaointegral.org.br\/especiais\/educacao-integral-na-serra\/wp-json\/wp\/v2\/types\/page"}],"author":[{"embeddable":true,"href":"https:\/\/educacaointegral.org.br\/especiais\/educacao-integral-na-serra\/wp-json\/wp\/v2\/users\/1"}],"replies":[{"embeddable":true,"href":"https:\/\/educacaointegral.org.br\/especiais\/educacao-integral-na-serra\/wp-json\/wp\/v2\/comments?post=117"}],"version-history":[{"count":1,"href":"https:\/\/educacaointegral.org.br\/especiais\/educacao-integral-na-serra\/wp-json\/wp\/v2\/pages\/117\/revisions"}],"predecessor-version":[{"id":119,"href":"https:\/\/educacaointegral.org.br\/especiais\/educacao-integral-na-serra\/wp-json\/wp\/v2\/pages\/117\/revisions\/119"}],"wp:attachment":[{"href":"https:\/\/educacaointegral.org.br\/especiais\/educacao-integral-na-serra\/wp-json\/wp\/v2\/media?parent=117"}],"curies":[{"name":"wp","href":"https:\/\/api.w.org\/{rel}","templated":true}]}}

Ficha Técnica

<p><strong>Concepção e Coordenação</strong><br>Raiana Ribeiro</p>



<p><strong>Sistematização das Práticas</strong><br>Ana Paula Pietri<br>Heloisa Proença<br>Fernando Mendes</p>



<p><strong>Projeto Gráfico</strong><br>Glaucia Cavalcante</p>

<p>Concepção e CoordenaçãoRaiana Ribeiro Sistematização das PráticasAna Paula PietriHeloisa ProençaFernando Mendes Projeto GráficoGlaucia Cavalcante</p>

<!-- This site is optimized with the Yoast SEO plugin v19.13 - https://yoast.com/wordpress/plugins/seo/ -->
<title>Ficha Técnica - Educação Integral na Serra</title>
<meta name="robots" content="index, follow, max-snippet:-1, max-image-preview:large, max-video-preview:-1" />
<link rel="canonical" href="https://educacaointegral.org.br/especiais/educacao-integral-na-serra/ficha-tecnica/" />
<meta property="og:locale" content="pt_BR" />
<meta property="og:type" content="article" />
<meta property="og:title" content="Ficha Técnica - Educação Integral na Serra" />
<meta property="og:description" content="Concepção e CoordenaçãoRaiana Ribeiro Sistematização das PráticasAna Paula PietriHeloisa ProençaFernando Mendes Projeto GráficoGlaucia Cavalcante" />
<meta property="og:url" content="https://educacaointegral.org.br/especiais/educacao-integral-na-serra/ficha-tecnica/" />
<meta property="og:site_name" content="Educação Integral na Serra" />
<meta property="article:modified_time" content="2025-07-07T20:48:41+00:00" />
<meta name="twitter:card" content="summary_large_image" />
<meta name="twitter:label1" content="Est. tempo de leitura" />
	<meta name="twitter:data1" content="1 minuto" />
<script type="application/ld+json" class="yoast-schema-graph">{"@context":"https://schema.org","@graph":[{"@type":"WebPage","@id":"https://educacaointegral.org.br/especiais/educacao-integral-na-serra/ficha-tecnica/","url":"https://educacaointegral.org.br/especiais/educacao-integral-na-serra/ficha-tecnica/","name":"Ficha Técnica - Educação Integral na Serra","isPartOf":{"@id":"https://educacaointegral.org.br/especiais/educacao-integral-na-serra/#website"},"datePublished":"2025-07-07T20:46:34+00:00","dateModified":"2025-07-07T20:48:41+00:00","breadcrumb":{"@id":"https://educacaointegral.org.br/especiais/educacao-integral-na-serra/ficha-tecnica/#breadcrumb"},"inLanguage":"pt-BR","potentialAction":[{"@type":"ReadAction","target":["https://educacaointegral.org.br/especiais/educacao-integral-na-serra/ficha-tecnica/"]}]},{"@type":"BreadcrumbList","@id":"https://educacaointegral.org.br/especiais/educacao-integral-na-serra/ficha-tecnica/#breadcrumb","itemListElement":[{"@type":"ListItem","position":1,"name":"Início","item":"https://educacaointegral.org.br/especiais/educacao-integral-na-serra/"},{"@type":"ListItem","position":2,"name":"Ficha Técnica"}]},{"@type":"WebSite","@id":"https://educacaointegral.org.br/especiais/educacao-integral-na-serra/#website","url":"https://educacaointegral.org.br/especiais/educacao-integral-na-serra/","name":"Educação Integral na Serra","description":"Educação Integral e Territórios Educativos nas Práticas Pedagógicas da rede municipal de ensino de Serra","potentialAction":[{"@type":"SearchAction","target":{"@type":"EntryPoint","urlTemplate":"https://educacaointegral.org.br/especiais/educacao-integral-na-serra/?s={search_term_string}"},"query-input":"required name=search_term_string"}],"inLanguage":"pt-BR"}]}</script>
<!-- / Yoast SEO plugin. -->

Ficha Técnica - Educação Integral na Serra

Concepção e CoordenaçãoRaiana Ribeiro Sistematização das PráticasAna Paula PietriHeloisa ProençaFernando Mendes Projeto GráficoGlaucia Cavalcante

Educação Integral na Serra

Início

Educação Integral e Territórios Educativos nas Práticas Pedagógicas da rede municipal de ensino de Serra
